{"id":1857,"date":"2020-09-08T15:10:58","date_gmt":"2020-09-08T14:10:58","guid":{"rendered":"https:\/\/r-mboutique.com\/?post_type=product&#038;p=1857"},"modified":"2025-09-22T16:05:10","modified_gmt":"2025-09-22T15:05:10","slug":"viceroy-471090-95","status":"publish","type":"product","link":"https:\/\/r-mboutique.com\/index.php\/product\/viceroy-471090-95\/","title":{"rendered":"viceroy 471090-95"},"content":{"rendered":"<div class=\"a-column a-span6 a-spacing-base a-ws-span6\">\n<p>&nbsp;<\/p>\n<table id=\"technicalSpecifications_section_1\" class=\"a-keyvalue a-spacing-mini\" style=\"height: 697px;\" width=\"419\">\n<tbody>\n<tr>\n<th class=\"a-span5 a-size-base\">Marque<\/th>\n<td class=\"a-span7 a-size-base\">Viceroy<\/td>\n<\/tr>\n<tr>\n<th class=\"a-span5 a-size-base\">Num\u00e9ro du mod\u00e8le<\/th>\n<td class=\"a-span7 a-size-base\">471090-95<\/td>\n<\/tr>\n<tr>\n<th class=\"a-span5 a-size-base\">Num\u00e9ro de pi\u00e8ce<\/th>\n<td class=\"a-span7 a-size-base\">471090-95<\/td>\n<\/tr>\n<tr>\n<th class=\"a-span5 a-size-base\">model_year<\/th>\n<td class=\"a-span7 a-size-base\">2017<\/td>\n<\/tr>\n<tr>\n<th class=\"a-span5 a-size-base\">Forme<\/th>\n<td class=\"a-span7 a-size-base\">Ronde<\/td>\n<\/tr>\n<tr>\n<th class=\"a-span5 a-size-base\"><span class=\"a-declarative\" data-action=\"a-popover\" data-a-popover=\"{&quot;cache&quot;:&quot;true&quot;,&quot;name&quot;:&quot;Type de Verre&quot;,&quot;width&quot;:&quot;500&quot;,&quot;header&quot;:&quot;Type de Verre&quot;,&quot;position&quot;:&quot;triggerRight&quot;,&quot;scrollable&quot;:&quot;true&quot;,&quot;url&quot;:&quot;\/gp\/product\/ajax-handlers\/tech-spec-popover-contents.html\/ref=dp_soft_tech_spec?keyLookUp=watch_help_attr-name_dial_window_material_type&quot;}\">Type de Verre<i class=\"a-icon a-icon-popover\"><\/i><\/span><\/th>\n<td class=\"a-span7 a-size-base\">Min\u00e9ral<\/td>\n<\/tr>\n<tr>\n<th class=\"a-span5 a-size-base\">Type d&#8217;affichage<\/th>\n<td class=\"a-span7 a-size-base\">Analogique<\/td>\n<\/tr>\n<tr>\n<th class=\"a-span5 a-size-base\">Type de fermoir<\/th>\n<td class=\"a-span7 a-size-base\">Boucle D\u00e9ployante Simple<\/td>\n<\/tr>\n<tr>\n<th class=\"a-span5 a-size-base\">Poin\u00e7on m\u00e9tal<\/th>\n<td class=\"a-span7 a-size-base\">471090-95<\/td>\n<\/tr>\n<tr>\n<th class=\"a-span5 a-size-base\">Mati\u00e8re du bo\u00eetier<\/th>\n<td class=\"a-span7 a-size-base\">Acier Inoxydable<\/td>\n<\/tr>\n<tr>\n<th class=\"a-span5 a-size-base\"><span class=\"a-declarative\" data-action=\"a-popover\" data-a-popover=\"{&quot;cache&quot;:&quot;true&quot;,&quot;name&quot;:&quot;Diam\u00e8tre du bo\u00eetier&quot;,&quot;width&quot;:&quot;500&quot;,&quot;header&quot;:&quot;Diam\u00e8tre du bo\u00eetier&quot;,&quot;position&quot;:&quot;triggerRight&quot;,&quot;scrollable&quot;:&quot;true&quot;,&quot;url&quot;:&quot;\/gp\/product\/ajax-handlers\/tech-spec-popover-contents.html\/ref=dp_soft_tech_spec?keyLookUp=watch_help_attr-name_case_diameter&quot;}\">Diam\u00e8tre du bo\u00eetier<i class=\"a-icon a-icon-popover\"><\/i><\/span><\/th>\n<td class=\"a-span7 a-size-base\">28 millim\u00e8tres<\/td>\n<\/tr>\n<tr>\n<th class=\"a-span5 a-size-base\">Taille du bo\u00eetier<\/th>\n<td class=\"a-span7 a-size-base\">Small<\/td>\n<\/tr>\n<tr>\n<th class=\"a-span5 a-size-base\"><span class=\"a-declarative\" data-action=\"a-popover\" data-a-popover=\"{&quot;cache&quot;:&quot;true&quot;,&quot;name&quot;:&quot;Epaisseur du bo\u00eetier&quot;,&quot;width&quot;:&quot;500&quot;,&quot;header&quot;:&quot;Epaisseur du bo\u00eetier&quot;,&quot;position&quot;:&quot;triggerRight&quot;,&quot;scrollable&quot;:&quot;true&quot;,&quot;url&quot;:&quot;\/gp\/product\/ajax-handlers\/tech-spec-popover-contents.html\/ref=dp_soft_tech_spec?keyLookUp=watch_help_attr-name_case_thickness&quot;}\">Epaisseur du bo\u00eetier<i class=\"a-icon a-icon-popover\"><\/i><\/span><\/th>\n<td class=\"a-span7 a-size-base\">10 millim\u00e8tres<\/td>\n<\/tr>\n<tr>\n<th class=\"a-span5 a-size-base\">Mati\u00e8re du bracelet<\/th>\n<td class=\"a-span7 a-size-base\">Acier inoxydable<\/td>\n<\/tr>\n<tr>\n<th class=\"a-span5 a-size-base\">Largeur du bracelet<\/th>\n<td class=\"a-span7 a-size-base\">12 millim\u00e8tres<\/td>\n<\/tr>\n<tr>\n<th class=\"a-span5 a-size-base\">Couleur du bracelet<\/th>\n<td class=\"a-span7 a-size-base\">Multicolore<\/td>\n<\/tr>\n<tr>\n<th class=\"a-span5 a-size-base\">Couleur du cadran<\/th>\n<td class=\"a-span7 a-size-base\">Beige<\/td>\n<\/tr>\n<tr>\n<th class=\"a-span5 a-size-base\"><span class=\"a-declarative\" data-action=\"a-popover\" data-a-popover=\"{&quot;cache&quot;:&quot;true&quot;,&quot;name&quot;:&quot;Calendrier&quot;,&quot;width&quot;:&quot;500&quot;,&quot;header&quot;:&quot;Calendrier&quot;,&quot;position&quot;:&quot;triggerRight&quot;,&quot;scrollable&quot;:&quot;true&quot;,&quot;url&quot;:&quot;\/gp\/product\/ajax-handlers\/tech-spec-popover-contents.html\/ref=dp_soft_tech_spec?keyLookUp=watch_help_attr-name_calendar_type&quot;}\">Calendrier<i class=\"a-icon a-icon-popover\"><\/i><\/span><\/th>\n<td class=\"a-span7 a-size-base\">Pas de fonction date<\/td>\n<\/tr>\n<tr>\n<th class=\"a-span5 a-size-base\">Caract\u00e9ristiques sp\u00e9ciales<\/th>\n<td class=\"a-span7 a-size-base\">Calendrier &#8211; d\u00b4alarme<\/td>\n<\/tr>\n<tr>\n<th class=\"a-span5 a-size-base\"><span class=\"a-declarative\" data-action=\"a-popover\" data-a-popover=\"{&quot;cache&quot;:&quot;true&quot;,&quot;name&quot;:&quot;Type de Mouvement&quot;,&quot;width&quot;:&quot;500&quot;,&quot;header&quot;:&quot;Type de Mouvement&quot;,&quot;position&quot;:&quot;triggerRight&quot;,&quot;scrollable&quot;:&quot;true&quot;,&quot;url&quot;:&quot;\/gp\/product\/ajax-handlers\/tech-spec-popover-contents.html\/ref=dp_soft_tech_spec?keyLookUp=watch_help_attr-name_watch_movement_type&quot;}\">Type de Mouvement<i class=\"a-icon a-icon-popover\"><\/i><\/span><\/th>\n<td class=\"a-span7 a-size-base\">Quartz<\/td>\n<\/tr>\n<tr>\n<th class=\"a-span5 a-size-base\"><span class=\"a-declarative\" data-action=\"a-popover\" data-a-popover=\"{&quot;cache&quot;:&quot;true&quot;,&quot;name&quot;:&quot;R\u00e9sistance \u00e0 la pression d'eau&quot;,&quot;width&quot;:&quot;500&quot;,&quot;header&quot;:&quot;R\u00e9sistance \u00e0 la pression d'eau&quot;,&quot;position&quot;:&quot;triggerRight&quot;,&quot;scrollable&quot;:&quot;true&quot;,&quot;url&quot;:&quot;\/gp\/product\/ajax-handlers\/tech-spec-popover-contents.html\/ref=dp_soft_tech_spec?keyLookUp=watch_help_attr-name_max_water_pressure_resistance&quot;}\">R\u00e9sistance \u00e0 la pression d&#8217;eau<i class=\"a-icon a-icon-popover\"><\/i><\/span><\/th>\n<td class=\"a-span7 a-size-base\">3 Bars<\/td>\n<\/tr>\n<tr>\n<th class=\"a-span5 a-size-base\">Garantie<\/th>\n<td class=\"a-span7 a-size-base\">\u00a02 ans<\/td>\n<\/tr>\n<tr>\n<th class=\"a-span5 a-size-base\"><\/th>\n<td class=\"a-span7 a-size-base\"><\/td>\n<\/tr>\n<tr>\n<th class=\"a-span5 a-size-base\"><\/th>\n<td class=\"a-span7 a-size-base\"><\/td>\n<\/tr>\n<\/tbody>\n<\/table>\n<\/div>\n","protected":false},"excerpt":{"rendered":"<div id=\"descriptionAndDetails\" class=\"a-section a-spacing-extra-large\">\n<div id=\"dp_productDescription_container_div\" class=\"celwidget\" data-feature-name=\"productDescription\" data-csa-c-id=\"b5nwbg-qud93c-kwz5s7-h7xt0r\" data-cel-widget=\"dp_productDescription_container_div\">\n<div id=\"productDescription_feature_div\" class=\"a-row feature\" data-feature-name=\"productDescription\" data-template-name=\"productDescription\" data-cel-widget=\"productDescription_feature_div\">\n<div id=\"productDescription\" class=\"a-section a-spacing-small\">\n<p>Montre Viceroy. envios gratuitement. Montre Viceroy Ladies. Quartz trois aiguilles. Bo\u00eetier et bracelet acier. Taille 28\u00a0mm \u00e9tanche 30\u00a0m. Garantie 2\u00a0ans. Par l&#8217;achat est livr\u00e9 un Obsequio.<\/p>\n<\/div>\n<\/div>\n<\/div>\n<\/div>\n","protected":false},"featured_media":1860,"comment_status":"open","ping_status":"closed","template":"","meta":{"om_disable_all_campaigns":false},"product_cat":[26,30],"product_tag":[],"jetpack-related-posts":[{"id":8647,"url":"https:\/\/r-mboutique.com\/index.php\/product\/viceroy-46502-95\/","url_meta":{"origin":1857,"position":0},"title":"Viceroy 46502-95","author":"Ramzi Merabtine","date":"04\/13\/2025","format":false,"excerpt":"Cette montre Viceroy \u00e0 un bo\u00eetier en acier inoxydable avec un diam\u00e8tre de 21mm et poss\u00e8de un bracelet en\u00a0acier. Le bo\u00eetier de la montre contient un mouvement et un cristal min\u00e9ral. La montre est \u00e9tanche \u00e0 3ATM. Cela signifie que la montre est \u00e9tanche pour lavage de\u00a0mains.\u00a0 La montre est\u2026","rel":"","context":"Article similaire","block_context":{"text":"Article similaire","link":""},"img":{"alt_text":"","src":"https:\/\/i0.wp.com\/r-mboutique.com\/wp-content\/uploads\/2025\/04\/a99dadda-b7f9-4058-8096-d10e84aa0d40.jpeg?fit=1200%2C1200&ssl=1&resize=350%2C200","width":350,"height":200,"srcset":"https:\/\/i0.wp.com\/r-mboutique.com\/wp-content\/uploads\/2025\/04\/a99dadda-b7f9-4058-8096-d10e84aa0d40.jpeg?fit=1200%2C1200&ssl=1&resize=350%2C200 1x, https:\/\/i0.wp.com\/r-mboutique.com\/wp-content\/uploads\/2025\/04\/a99dadda-b7f9-4058-8096-d10e84aa0d40.jpeg?fit=1200%2C1200&ssl=1&resize=525%2C300 1.5x, https:\/\/i0.wp.com\/r-mboutique.com\/wp-content\/uploads\/2025\/04\/a99dadda-b7f9-4058-8096-d10e84aa0d40.jpeg?fit=1200%2C1200&ssl=1&resize=700%2C400 2x, https:\/\/i0.wp.com\/r-mboutique.com\/wp-content\/uploads\/2025\/04\/a99dadda-b7f9-4058-8096-d10e84aa0d40.jpeg?fit=1200%2C1200&ssl=1&resize=1050%2C600 3x"},"classes":[]},{"id":8652,"url":"https:\/\/r-mboutique.com\/index.php\/product\/viceroy-46506-95\/","url_meta":{"origin":1857,"position":1},"title":"Viceroy 46506-95","author":"Ramzi Merabtine","date":"04\/16\/2025","format":false,"excerpt":"Cette montre Viceroy \u00e0 un bo\u00eetier en acier inoxydable avec un diam\u00e8tre de 32mm et poss\u00e8de un bracelet en\u00a0acier. Le bo\u00eetier de la montre contient un mouvement et un cristal min\u00e9ral. La montre est \u00e9tanche \u00e0 10ATM. Cela signifie que la montre est \u00e9tanche pour la douche.\u00a0 La montre est\u2026","rel":"","context":"Article similaire","block_context":{"text":"Article similaire","link":""},"img":{"alt_text":"","src":"https:\/\/i0.wp.com\/r-mboutique.com\/wp-content\/uploads\/2025\/04\/a4f07360-29d1-489c-a320-0a78e5ab54f3.jpeg?fit=1200%2C1200&ssl=1&resize=350%2C200","width":350,"height":200,"srcset":"https:\/\/i0.wp.com\/r-mboutique.com\/wp-content\/uploads\/2025\/04\/a4f07360-29d1-489c-a320-0a78e5ab54f3.jpeg?fit=1200%2C1200&ssl=1&resize=350%2C200 1x, https:\/\/i0.wp.com\/r-mboutique.com\/wp-content\/uploads\/2025\/04\/a4f07360-29d1-489c-a320-0a78e5ab54f3.jpeg?fit=1200%2C1200&ssl=1&resize=525%2C300 1.5x, https:\/\/i0.wp.com\/r-mboutique.com\/wp-content\/uploads\/2025\/04\/a4f07360-29d1-489c-a320-0a78e5ab54f3.jpeg?fit=1200%2C1200&ssl=1&resize=700%2C400 2x, https:\/\/i0.wp.com\/r-mboutique.com\/wp-content\/uploads\/2025\/04\/a4f07360-29d1-489c-a320-0a78e5ab54f3.jpeg?fit=1200%2C1200&ssl=1&resize=1050%2C600 3x"},"classes":[]},{"id":4669,"url":"https:\/\/r-mboutique.com\/index.php\/product\/viceroy-penelope-cruz-47887-95\/","url_meta":{"origin":1857,"position":2},"title":"Viceroy Pen\u00e9lope Cruz 47887-95","author":"Ramzi Merabtine","date":"03\/11\/2022","format":false,"excerpt":"Cette montre Viceroy \u00e0 un bo\u00eetier en acier inoxydable avec un diam\u00e8tre de 43,5mm et poss\u00e8de un bracelet en\u00a0acier. Le bo\u00eetier de la montre contient un mouvement et un cristal min\u00e9ral. La montre est \u00e9tanche \u00e0 10ATM. Cela signifie que la montre est \u00e9tanche pour nager.\u00a0 La montre est livr\u00e9e\u2026","rel":"","context":"Article similaire","block_context":{"text":"Article similaire","link":""},"img":{"alt_text":"","src":"https:\/\/i0.wp.com\/r-mboutique.com\/wp-content\/uploads\/2025\/07\/img_7928.jpeg?fit=1200%2C1200&ssl=1&resize=350%2C200","width":350,"height":200,"srcset":"https:\/\/i0.wp.com\/r-mboutique.com\/wp-content\/uploads\/2025\/07\/img_7928.jpeg?fit=1200%2C1200&ssl=1&resize=350%2C200 1x, https:\/\/i0.wp.com\/r-mboutique.com\/wp-content\/uploads\/2025\/07\/img_7928.jpeg?fit=1200%2C1200&ssl=1&resize=525%2C300 1.5x, https:\/\/i0.wp.com\/r-mboutique.com\/wp-content\/uploads\/2025\/07\/img_7928.jpeg?fit=1200%2C1200&ssl=1&resize=700%2C400 2x, https:\/\/i0.wp.com\/r-mboutique.com\/wp-content\/uploads\/2025\/07\/img_7928.jpeg?fit=1200%2C1200&ssl=1&resize=1050%2C600 3x"},"classes":[]},{"id":4619,"url":"https:\/\/r-mboutique.com\/index.php\/product\/viceroy-penelope-cruz-471054-95\/","url_meta":{"origin":1857,"position":3},"title":".Viceroy Pen\u00e9lope Cruz 471054-95","author":"Ramzi Merabtine","date":"03\/09\/2022","format":false,"excerpt":"Cette montre Viceroy \u00e0 un bo\u00eetier en acier inoxydable avec un diam\u00e8tre de 33mm et poss\u00e8de un bracelet en\u00a0acier. Le bo\u00eetier de la montre contient un mouvement et un cristal min\u00e9ral. La montre est \u00e9tanche \u00e0 5ATM. Cela signifie que la montre est \u00e9tanche pour la douche.\u00a0 La montre est\u2026","rel":"","context":"Article similaire","block_context":{"text":"Article similaire","link":""},"img":{"alt_text":"","src":"https:\/\/i0.wp.com\/r-mboutique.com\/wp-content\/uploads\/2022\/03\/img_7169.jpeg?fit=1200%2C1200&ssl=1&resize=350%2C200","width":350,"height":200,"srcset":"https:\/\/i0.wp.com\/r-mboutique.com\/wp-content\/uploads\/2022\/03\/img_7169.jpeg?fit=1200%2C1200&ssl=1&resize=350%2C200 1x, https:\/\/i0.wp.com\/r-mboutique.com\/wp-content\/uploads\/2022\/03\/img_7169.jpeg?fit=1200%2C1200&ssl=1&resize=525%2C300 1.5x, https:\/\/i0.wp.com\/r-mboutique.com\/wp-content\/uploads\/2022\/03\/img_7169.jpeg?fit=1200%2C1200&ssl=1&resize=700%2C400 2x, https:\/\/i0.wp.com\/r-mboutique.com\/wp-content\/uploads\/2022\/03\/img_7169.jpeg?fit=1200%2C1200&ssl=1&resize=1050%2C600 3x"},"classes":[]},{"id":4731,"url":"https:\/\/r-mboutique.com\/index.php\/product\/viceroy-penelope-cruz-47889-95\/","url_meta":{"origin":1857,"position":4},"title":"Viceroy Pen\u00e9lope Cruz 47889-95","author":"Ramzi Merabtine","date":"03\/12\/2022","format":false,"excerpt":"Cette montre Viceroy \u00e0 un bo\u00eetier en acier inoxydable\u00a0avec un diam\u00e8tre de 43,5mm et poss\u00e8de un bracelet en\u00a0silicone. Le bo\u00eetier de la montre contient un mouvement et un cristal\u00a0saphir. La montre est \u00e9tanche \u00e0 10ATM. Cela signifie que la montre est \u00e9tanche pour nager.\u00a0 La montre est livr\u00e9e avec 2\u2026","rel":"","context":"Article similaire","block_context":{"text":"Article similaire","link":""},"img":{"alt_text":"","src":"https:\/\/i0.wp.com\/r-mboutique.com\/wp-content\/uploads\/2025\/07\/778ddd82-312a-4716-a3e1-abdc9363918e-scaled.jpeg?fit=1200%2C1200&ssl=1&resize=350%2C200","width":350,"height":200,"srcset":"https:\/\/i0.wp.com\/r-mboutique.com\/wp-content\/uploads\/2025\/07\/778ddd82-312a-4716-a3e1-abdc9363918e-scaled.jpeg?fit=1200%2C1200&ssl=1&resize=350%2C200 1x, https:\/\/i0.wp.com\/r-mboutique.com\/wp-content\/uploads\/2025\/07\/778ddd82-312a-4716-a3e1-abdc9363918e-scaled.jpeg?fit=1200%2C1200&ssl=1&resize=525%2C300 1.5x, https:\/\/i0.wp.com\/r-mboutique.com\/wp-content\/uploads\/2025\/07\/778ddd82-312a-4716-a3e1-abdc9363918e-scaled.jpeg?fit=1200%2C1200&ssl=1&resize=700%2C400 2x, https:\/\/i0.wp.com\/r-mboutique.com\/wp-content\/uploads\/2025\/07\/778ddd82-312a-4716-a3e1-abdc9363918e-scaled.jpeg?fit=1200%2C1200&ssl=1&resize=1050%2C600 3x"},"classes":[]},{"id":4893,"url":"https:\/\/r-mboutique.com\/index.php\/product\/viceroy-47868-95\/","url_meta":{"origin":1857,"position":5},"title":"Viceroy 47868-95","author":"Ramzi Merabtine","date":"03\/17\/2022","format":false,"excerpt":"Cette montre Viceroy \u00e0 un bo\u00eetier en acier inoxydable bicolore IP rose avec un diam\u00e8tre de 30mm et poss\u00e8de un bracelet en\u00a0acier. Le bo\u00eetier de la montre contient un mouvement et un cristal min\u00e9ral. La montre est \u00e9tanche \u00e0 3ATM. Cela signifie que la montre est \u00e9tanche pour les\u00a0\u00e9claboussures.\u00a0 La\u2026","rel":"","context":"Article similaire","block_context":{"text":"Article similaire","link":""},"img":{"alt_text":"","src":"https:\/\/i0.wp.com\/r-mboutique.com\/wp-content\/uploads\/2022\/03\/img_7470.jpeg?fit=1200%2C1200&ssl=1&resize=350%2C200","width":350,"height":200,"srcset":"https:\/\/i0.wp.com\/r-mboutique.com\/wp-content\/uploads\/2022\/03\/img_7470.jpeg?fit=1200%2C1200&ssl=1&resize=350%2C200 1x, https:\/\/i0.wp.com\/r-mboutique.com\/wp-content\/uploads\/2022\/03\/img_7470.jpeg?fit=1200%2C1200&ssl=1&resize=525%2C300 1.5x, https:\/\/i0.wp.com\/r-mboutique.com\/wp-content\/uploads\/2022\/03\/img_7470.jpeg?fit=1200%2C1200&ssl=1&resize=700%2C400 2x, https:\/\/i0.wp.com\/r-mboutique.com\/wp-content\/uploads\/2022\/03\/img_7470.jpeg?fit=1200%2C1200&ssl=1&resize=1050%2C600 3x"},"classes":[]}],"_links":{"self":[{"href":"https:\/\/r-mboutique.com\/index.php\/wp-json\/wp\/v2\/product\/1857"}],"collection":[{"href":"https:\/\/r-mboutique.com\/index.php\/wp-json\/wp\/v2\/product"}],"about":[{"href":"https:\/\/r-mboutique.com\/index.php\/wp-json\/wp\/v2\/types\/product"}],"replies":[{"embeddable":true,"href":"https:\/\/r-mboutique.com\/index.php\/wp-json\/wp\/v2\/comments?post=1857"}],"wp:featuredmedia":[{"embeddable":true,"href":"https:\/\/r-mboutique.com\/index.php\/wp-json\/wp\/v2\/media\/1860"}],"wp:attachment":[{"href":"https:\/\/r-mboutique.com\/index.php\/wp-json\/wp\/v2\/media?parent=1857"}],"wp:term":[{"taxonomy":"product_cat","embeddable":true,"href":"https:\/\/r-mboutique.com\/index.php\/wp-json\/wp\/v2\/product_cat?post=1857"},{"taxonomy":"product_tag","embeddable":true,"href":"https:\/\/r-mboutique.com\/index.php\/wp-json\/wp\/v2\/product_tag?post=1857"}],"curies":[{"name":"wp","href":"https:\/\/api.w.org\/{rel}","templated":true}]}}