{"id":2243,"date":"2021-10-09T21:17:33","date_gmt":"2021-10-09T20:17:33","guid":{"rendered":"https:\/\/r-mboutique.com\/index.php\/product\/bernard-florentin-paris-lady\/"},"modified":"2026-02-12T23:24:46","modified_gmt":"2026-02-12T22:24:46","slug":"bernard-florentin-paris-lady","status":"publish","type":"product","link":"https:\/\/r-mboutique.com\/index.php\/product\/bernard-florentin-paris-lady\/","title":{"rendered":"Bernard Florentin Paris Lady"},"content":{"rendered":"<p>Bernard Florentin Paris Lady<\/p>\n<p>Cette jolie montre a un boi\u0302tier argente\u0301 de 36 Mm et un cadran brosse\u0301 avec indice en chiffres encercle\u0301s le tout attache\u0301 avec un bracelet milanais qui ce finit par un fermoir a\u0300 clip coulissant<\/p>\n<p>Mouvement a\u0300 Quartz.<\/p>\n","protected":false},"excerpt":{"rendered":"<p>Bernard Florentin Paris Lady Cette jolie montre a un boi\u0302tier argente\u0301 de 36 Mm et un cadran brosse\u0301 avec indice<\/p>\n","protected":false},"featured_media":2242,"comment_status":"open","ping_status":"closed","template":"","meta":{"om_disable_all_campaigns":false},"product_cat":[26,30],"product_tag":[],"jetpack-related-posts":[{"id":2248,"url":"https:\/\/r-mboutique.com\/index.php\/product\/bernard-florentin-paris-lady-2\/","url_meta":{"origin":2243,"position":0},"title":"Bernard Florentin Paris Lady","author":"Ramzi Merabtine","date":"10\/09\/2021","format":false,"excerpt":"Bernard Florentin Paris Lady Cette jolie montre a un boi\u0302tier argente\u0301 de 36 Mm et un cadran brosse\u0301 avec indice en chiffres encercle\u0301s le tout attache\u0301 avec un bracelet milanais qui ce finit par un fermoir a\u0300 clip coulissant Mouvement a\u0300 Quartz.","rel":"","context":"Article similaire","block_context":{"text":"Article similaire","link":""},"img":{"alt_text":"","src":"https:\/\/i0.wp.com\/r-mboutique.com\/wp-content\/uploads\/2021\/10\/img_3508.jpeg?fit=1200%2C1200&ssl=1&resize=350%2C200","width":350,"height":200,"srcset":"https:\/\/i0.wp.com\/r-mboutique.com\/wp-content\/uploads\/2021\/10\/img_3508.jpeg?fit=1200%2C1200&ssl=1&resize=350%2C200 1x, https:\/\/i0.wp.com\/r-mboutique.com\/wp-content\/uploads\/2021\/10\/img_3508.jpeg?fit=1200%2C1200&ssl=1&resize=525%2C300 1.5x, https:\/\/i0.wp.com\/r-mboutique.com\/wp-content\/uploads\/2021\/10\/img_3508.jpeg?fit=1200%2C1200&ssl=1&resize=700%2C400 2x, https:\/\/i0.wp.com\/r-mboutique.com\/wp-content\/uploads\/2021\/10\/img_3508.jpeg?fit=1200%2C1200&ssl=1&resize=1050%2C600 3x"},"classes":[]},{"id":2253,"url":"https:\/\/r-mboutique.com\/index.php\/product\/bernard-florentin-paris-lady-3\/","url_meta":{"origin":2243,"position":1},"title":"Bernard Florentin Paris Lady","author":"Ramzi Merabtine","date":"10\/09\/2021","format":false,"excerpt":"Bernard Florentin Paris Lady Cette jolie montre a un boi\u0302tier argente\u0301 de 36 Mm et un cadran brosse\u0301 avec indice en chiffres encercle\u0301s le tout attache\u0301 avec un bracelet milanais qui ce finit par un fermoir a\u0300 clip coulissant Mouvement a\u0300 Quartz.","rel":"","context":"Article similaire","block_context":{"text":"Article similaire","link":""},"img":{"alt_text":"","src":"https:\/\/i0.wp.com\/r-mboutique.com\/wp-content\/uploads\/2021\/10\/img_3510.jpeg?fit=1200%2C1200&ssl=1&resize=350%2C200","width":350,"height":200,"srcset":"https:\/\/i0.wp.com\/r-mboutique.com\/wp-content\/uploads\/2021\/10\/img_3510.jpeg?fit=1200%2C1200&ssl=1&resize=350%2C200 1x, https:\/\/i0.wp.com\/r-mboutique.com\/wp-content\/uploads\/2021\/10\/img_3510.jpeg?fit=1200%2C1200&ssl=1&resize=525%2C300 1.5x, https:\/\/i0.wp.com\/r-mboutique.com\/wp-content\/uploads\/2021\/10\/img_3510.jpeg?fit=1200%2C1200&ssl=1&resize=700%2C400 2x, https:\/\/i0.wp.com\/r-mboutique.com\/wp-content\/uploads\/2021\/10\/img_3510.jpeg?fit=1200%2C1200&ssl=1&resize=1050%2C600 3x"},"classes":[]},{"id":2258,"url":"https:\/\/r-mboutique.com\/index.php\/product\/bernard-florentin-paris-lady-4\/","url_meta":{"origin":2243,"position":2},"title":"Bernard Florentin Paris Lady","author":"Ramzi Merabtine","date":"10\/09\/2021","format":false,"excerpt":"Bernard Florentin Paris Lady Cette jolie montre a un boi\u0302tier argente\u0301 de 36 Mm et un cadran brosse\u0301 avec indice en chiffres encercle\u0301s le tout attache\u0301 avec un bracelet milanais qui ce finit par un fermoir a\u0300 clip coulissant Mouvement a\u0300 Quartz.","rel":"","context":"Article similaire","block_context":{"text":"Article similaire","link":""},"img":{"alt_text":"","src":"https:\/\/i0.wp.com\/r-mboutique.com\/wp-content\/uploads\/2021\/10\/img_3509.jpeg?fit=1200%2C1200&ssl=1&resize=350%2C200","width":350,"height":200,"srcset":"https:\/\/i0.wp.com\/r-mboutique.com\/wp-content\/uploads\/2021\/10\/img_3509.jpeg?fit=1200%2C1200&ssl=1&resize=350%2C200 1x, https:\/\/i0.wp.com\/r-mboutique.com\/wp-content\/uploads\/2021\/10\/img_3509.jpeg?fit=1200%2C1200&ssl=1&resize=525%2C300 1.5x, https:\/\/i0.wp.com\/r-mboutique.com\/wp-content\/uploads\/2021\/10\/img_3509.jpeg?fit=1200%2C1200&ssl=1&resize=700%2C400 2x, https:\/\/i0.wp.com\/r-mboutique.com\/wp-content\/uploads\/2021\/10\/img_3509.jpeg?fit=1200%2C1200&ssl=1&resize=1050%2C600 3x"},"classes":[]},{"id":2280,"url":"https:\/\/r-mboutique.com\/index.php\/product\/bernard-florentin-paris-lady-5\/","url_meta":{"origin":2243,"position":3},"title":"Bernard Florentin Paris Lady","author":"Ramzi Merabtine","date":"10\/11\/2021","format":false,"excerpt":"Bernard Florentin Paris Cette jolie montre a un boi\u0302tier argente\u0301 de 35 Mm et un cadran brosse\u0301 rose\u0301 indice orne\u0301 de cristaux le tout attache\u0301 avec un bracelet a\u0300 maille milanais qui ce finit par un fermoir a\u0300 clip coulissant Mouvement a\u0300 Quartz.","rel":"","context":"Article similaire","block_context":{"text":"Article similaire","link":""},"img":{"alt_text":"","src":"https:\/\/i0.wp.com\/r-mboutique.com\/wp-content\/uploads\/2021\/10\/img_3566.jpeg?fit=1200%2C1200&ssl=1&resize=350%2C200","width":350,"height":200,"srcset":"https:\/\/i0.wp.com\/r-mboutique.com\/wp-content\/uploads\/2021\/10\/img_3566.jpeg?fit=1200%2C1200&ssl=1&resize=350%2C200 1x, https:\/\/i0.wp.com\/r-mboutique.com\/wp-content\/uploads\/2021\/10\/img_3566.jpeg?fit=1200%2C1200&ssl=1&resize=525%2C300 1.5x, https:\/\/i0.wp.com\/r-mboutique.com\/wp-content\/uploads\/2021\/10\/img_3566.jpeg?fit=1200%2C1200&ssl=1&resize=700%2C400 2x, https:\/\/i0.wp.com\/r-mboutique.com\/wp-content\/uploads\/2021\/10\/img_3566.jpeg?fit=1200%2C1200&ssl=1&resize=1050%2C600 3x"},"classes":[]},{"id":2271,"url":"https:\/\/r-mboutique.com\/index.php\/product\/bernard-florentin-paris-classique-3\/","url_meta":{"origin":2243,"position":4},"title":"Bernard Florentin Paris Classique","author":"Ramzi Merabtine","date":"10\/11\/2021","format":false,"excerpt":"Bernard Florentin Paris Cette jolie montre a un boi\u0302tier argente\u0301 de 40 Mm et un cadran blanc avec indice plat le tout attache\u0301 avec un bracelet en cuir ve\u0301ritable marron qui ce finit par un fermoir a\u0300 boucle Mouvement a\u0300 Quartz.","rel":"","context":"Article similaire","block_context":{"text":"Article similaire","link":""},"img":{"alt_text":"","src":"https:\/\/i0.wp.com\/r-mboutique.com\/wp-content\/uploads\/2021\/10\/img_3557.jpeg?fit=1200%2C1200&ssl=1&resize=350%2C200","width":350,"height":200,"srcset":"https:\/\/i0.wp.com\/r-mboutique.com\/wp-content\/uploads\/2021\/10\/img_3557.jpeg?fit=1200%2C1200&ssl=1&resize=350%2C200 1x, https:\/\/i0.wp.com\/r-mboutique.com\/wp-content\/uploads\/2021\/10\/img_3557.jpeg?fit=1200%2C1200&ssl=1&resize=525%2C300 1.5x, https:\/\/i0.wp.com\/r-mboutique.com\/wp-content\/uploads\/2021\/10\/img_3557.jpeg?fit=1200%2C1200&ssl=1&resize=700%2C400 2x, https:\/\/i0.wp.com\/r-mboutique.com\/wp-content\/uploads\/2021\/10\/img_3557.jpeg?fit=1200%2C1200&ssl=1&resize=1050%2C600 3x"},"classes":[]},{"id":2263,"url":"https:\/\/r-mboutique.com\/index.php\/product\/bernard-florentin-paris-rose\/","url_meta":{"origin":2243,"position":5},"title":"Bernard Florentin Paris Rose","author":"Ramzi Merabtine","date":"10\/10\/2021","format":false,"excerpt":"Bernard Florentin Paris Cette jolie montre a un bo\u00eetier argent\u00e9 de 40 Mm et un cadran bross\u00e9 rose gold avec indice plat le tout attach\u00e9 avec un bracelet \u00e0 maille milanais qui ce finit par un fermoir \u00e0 clip coulissant Mouvement \u00e0 Quartz.","rel":"","context":"Article similaire","block_context":{"text":"Article similaire","link":""},"img":{"alt_text":"","src":"https:\/\/i0.wp.com\/r-mboutique.com\/wp-content\/uploads\/2021\/10\/img_3520.jpeg?fit=1200%2C1200&ssl=1&resize=350%2C200","width":350,"height":200,"srcset":"https:\/\/i0.wp.com\/r-mboutique.com\/wp-content\/uploads\/2021\/10\/img_3520.jpeg?fit=1200%2C1200&ssl=1&resize=350%2C200 1x, https:\/\/i0.wp.com\/r-mboutique.com\/wp-content\/uploads\/2021\/10\/img_3520.jpeg?fit=1200%2C1200&ssl=1&resize=525%2C300 1.5x, https:\/\/i0.wp.com\/r-mboutique.com\/wp-content\/uploads\/2021\/10\/img_3520.jpeg?fit=1200%2C1200&ssl=1&resize=700%2C400 2x, https:\/\/i0.wp.com\/r-mboutique.com\/wp-content\/uploads\/2021\/10\/img_3520.jpeg?fit=1200%2C1200&ssl=1&resize=1050%2C600 3x"},"classes":[]}],"_links":{"self":[{"href":"https:\/\/r-mboutique.com\/index.php\/wp-json\/wp\/v2\/product\/2243"}],"collection":[{"href":"https:\/\/r-mboutique.com\/index.php\/wp-json\/wp\/v2\/product"}],"about":[{"href":"https:\/\/r-mboutique.com\/index.php\/wp-json\/wp\/v2\/types\/product"}],"replies":[{"embeddable":true,"href":"https:\/\/r-mboutique.com\/index.php\/wp-json\/wp\/v2\/comments?post=2243"}],"wp:featuredmedia":[{"embeddable":true,"href":"https:\/\/r-mboutique.com\/index.php\/wp-json\/wp\/v2\/media\/2242"}],"wp:attachment":[{"href":"https:\/\/r-mboutique.com\/index.php\/wp-json\/wp\/v2\/media?parent=2243"}],"wp:term":[{"taxonomy":"product_cat","embeddable":true,"href":"https:\/\/r-mboutique.com\/index.php\/wp-json\/wp\/v2\/product_cat?post=2243"},{"taxonomy":"product_tag","embeddable":true,"href":"https:\/\/r-mboutique.com\/index.php\/wp-json\/wp\/v2\/product_tag?post=2243"}],"curies":[{"name":"wp","href":"https:\/\/api.w.org\/{rel}","templated":true}]}}