{"id":2333,"date":"2021-10-14T17:15:23","date_gmt":"2021-10-14T16:15:23","guid":{"rendered":"https:\/\/r-mboutique.com\/index.php\/product\/casio-edgy-vintage\/"},"modified":"2025-09-18T06:30:56","modified_gmt":"2025-09-18T05:30:56","slug":"casio-edgy-vintage","status":"publish","type":"product","link":"https:\/\/r-mboutique.com\/index.php\/product\/casio-edgy-vintage\/","title":{"rendered":"Casio Edgy Vintage B640WB-1A"},"content":{"rendered":"<p>D\u00c9TAILS \/ SP\u00c9CIFICATIONS<\/p>\n<p>Alarme multiple, bip horaire<\/p>\n<p>Vous pouvez programmer une alarme quotidienne (r\u00e9glage de l&#8217;heure uniquement) ou une alarme pour un jour et une heure sp\u00e9cifiques (r\u00e9glage du mois, du jour et de l&#8217;heure). La valeur indiqu\u00e9e correspond au nombre d&#8217;alarmes multiples disponibles. Si la fonction de bip horaire est activ\u00e9e, la montre \u00e9met un bip \u00e0 chaque changement d&#8217;heure.<\/p>\n<p>Bracelet en acier inoxydable<\/p>\n<p>Solide, durable et \u00e9l\u00e9gant : le bracelet en acier inoxydable est un classique horloger incontournable.<\/p>\n<p>3 ans &#8211; 1 pile<\/p>\n<p>La pile procure \u00e0 la montre l&#8217;\u00e9nergie n\u00e9cessaire pendant env. 3 ans.<\/p>\n<p>\u00c9clairage LED<\/p>\n<p>Le cadran de la montre est \u00e9clair\u00e9 par une diode \u00e9lectroluminescente.<\/p>\n<p>Bo\u00eetier en r\u00e9sine<\/p>\n<p>Le bo\u00eetier en r\u00e9sine est id\u00e9al au quotidien. Il est durable, l\u00e9ger et relativement insensible au froid, \u00e0 la chaleur ou d&#8217;autres influences ext\u00e9rieures.<\/p>\n<p>Indicateur LED (clignotant)<\/p>\n<p>Une diode \u00e9lectroluminescente clignote d\u00e8s que l&#8217;alarme, le compte \u00e0 rebours ou le signal horaire programm\u00e9s ont \u00e9t\u00e9 atteints.<\/p>\n<p>Verre acrylique<\/p>\n<p>L&#8217;acrylique est tr\u00e8s r\u00e9sistant aux chocs.<\/p>\n<p>Calendrier automatique<\/p>\n<p>Une fois programm\u00e9, le calendrier automatique affiche toujours la date correcte.<\/p>\n<p>Format de l&#8217;heure 12\/24 heures<\/p>\n<p>Vous pouvez afficher l&#8217;heure au format 12 heures ou 24 heures.<\/p>\n<p>Chronom\u00e8tre 1\/100 s &#8211; 24 heures<\/p>\n<p>Mesure le temps \u00e9coul\u00e9 avec une pr\u00e9cision au 1\/100\u00e8me de seconde sur une dur\u00e9e maximale de 24 heures. Le signal sonore confirme le lancement et l&#8217;arr\u00eat du chronom\u00e8tre.<\/p>\n<p>Comptes \u00e0 rebours &#8211; 1\/1 sec &#8211; 24 heures (avec r\u00e9p\u00e9tition autom.)<\/p>\n<p>Pour tous ceux qui aiment la pr\u00e9cision : les comptes \u00e0 rebours vous rappellent les \u00e9v\u00e8nements importants ou r\u00e9currents en \u00e9mettant un signal acoustique \u00e0 la date et l&#8217;heure r\u00e9gl\u00e9es \u2013 ensuite, ils comptent automatiquement \u00e0 rebours \u00e0 partir du temps pr\u00e9programm\u00e9. Le temps peut \u00eatre programm\u00e9 en secondes, 24 heures maximum \u00e0 l&#8217;avance &#8211; un atout particuli\u00e8rement appr\u00e9ciable pour la prise quotidienne de m\u00e9dicaments ou les entra\u00eenements r\u00e9p\u00e9t\u00e9s.<\/p>\n<p>Fermeture r\u00e9glable<\/p>\n<p>La fermeture est facile \u00e0 ajuster \u00e0 votre poignet pour un confort maximal.<\/p>\n<p>Classe d&#8217;\u00e9tanch\u00e9it\u00e9 (5 bars)<\/p>\n<p>Il est possible de prendre une douche et un bain avec cette montre &#8211; son \u00e9tanch\u00e9it\u00e9 a \u00e9t\u00e9 test\u00e9e jusqu&#8217;\u00e0 5 bars (ISO 22810).<\/p>\n","protected":false},"excerpt":{"rendered":"<p>D\u00c9TAILS \/ SP\u00c9CIFICATIONS Alarme multiple, bip horaire Vous pouvez programmer une alarme quotidienne (r\u00e9glage de l&#8217;heure uniquement) ou une alarme<\/p>\n","protected":false},"featured_media":2327,"comment_status":"open","ping_status":"closed","template":"","meta":{"om_disable_all_campaigns":false},"product_cat":[46,26,30,28],"product_tag":[],"jetpack-related-posts":[{"id":7583,"url":"https:\/\/r-mboutique.com\/index.php\/product\/casio-edgy-vintage-b640wcg-5\/","url_meta":{"origin":2333,"position":0},"title":"Casio Edgy Vintage B640WCG-5","author":"Ramzi Merabtine","date":"08\/09\/2023","format":false,"excerpt":"D\u00c9TAILS \/ SP\u00c9CIFICATIONS Alarme multiple, bip horaire Vous pouvez programmer une alarme quotidienne (r\u00e9glage de l\u2019heure uniquement) ou une alarme pour un jour et une heure sp\u00e9cifiques (r\u00e9glage du mois, du jour et de l\u2019heure). La valeur indiqu\u00e9e correspond au nombre d\u2019alarmes multiples disponibles. Si la fonction de bip horaire\u2026","rel":"","context":"Article similaire","block_context":{"text":"Article similaire","link":""},"img":{"alt_text":"","src":"https:\/\/i0.wp.com\/r-mboutique.com\/wp-content\/uploads\/2023\/08\/img_5213.jpeg?fit=525%2C525&ssl=1&resize=350%2C200","width":350,"height":200,"srcset":"https:\/\/i0.wp.com\/r-mboutique.com\/wp-content\/uploads\/2023\/08\/img_5213.jpeg?fit=525%2C525&ssl=1&resize=350%2C200 1x, https:\/\/i0.wp.com\/r-mboutique.com\/wp-content\/uploads\/2023\/08\/img_5213.jpeg?fit=525%2C525&ssl=1&resize=525%2C300 1.5x"},"classes":[]},{"id":2326,"url":"https:\/\/r-mboutique.com\/index.php\/product\/casio-retro-vintage\/","url_meta":{"origin":2333,"position":1},"title":"Casio r\u00e9tro Vintage A168WG-9","author":"Ramzi Merabtine","date":"10\/14\/2021","format":false,"excerpt":"Sp\u00e9cifications techniques Illuminateur Un panneau \u00e9lectroluminescent fait briller tout le visage pour une lecture facile. Fonction chronom\u00e8tre - 1\/100 sec. - 1 heure Le temps \u00e9coul\u00e9, le temps interm\u00e9diaire et le temps final sont mesur\u00e9s avec une pr\u00e9cision de 1\/100 s. La montre peut mesurer des temps allant jusqu'\u00e0 1\u2026","rel":"","context":"Article similaire","block_context":{"text":"Article similaire","link":""},"img":{"alt_text":"","src":"https:\/\/i0.wp.com\/r-mboutique.com\/wp-content\/uploads\/2021\/10\/img_3672.jpeg?fit=500%2C500&ssl=1&resize=350%2C200","width":350,"height":200},"classes":[]},{"id":6074,"url":"https:\/\/r-mboutique.com\/index.php\/product\/casio-w-219h-1avef\/","url_meta":{"origin":2333,"position":2},"title":"Casio W-219H-1AVEF","author":"Ramzi Merabtine","date":"08\/05\/2022","format":false,"excerpt":"SP\u00c9CIFICATIONS Alarme quotidienne Une alarme sonore vous rappelle quotidiennement vos \u00e9ch\u00e9ances \u00e0 l'heure programm\u00e9e.\u00a0 Bracelet en r\u00e9sine Gr\u00e2ce \u00e0 son extr\u00eame durabilit\u00e9 et sa souplesse, la r\u00e9sine synth\u00e9tique constitue un mat\u00e9riau id\u00e9al pour les bracelets.\u00a0 7\u00a0ans - 1\u00a0pile La pile procure \u00e0 la montre l'\u00e9nergie n\u00e9cessaire pendant env. 7\u00a0ans.\u00a0 \u00c9clairage\u2026","rel":"","context":"Article similaire","block_context":{"text":"Article similaire","link":""},"img":{"alt_text":"","src":"https:\/\/i0.wp.com\/r-mboutique.com\/wp-content\/uploads\/2022\/08\/img_0374.jpeg?fit=1140%2C1140&ssl=1&resize=350%2C200","width":350,"height":200,"srcset":"https:\/\/i0.wp.com\/r-mboutique.com\/wp-content\/uploads\/2022\/08\/img_0374.jpeg?fit=1140%2C1140&ssl=1&resize=350%2C200 1x, https:\/\/i0.wp.com\/r-mboutique.com\/wp-content\/uploads\/2022\/08\/img_0374.jpeg?fit=1140%2C1140&ssl=1&resize=525%2C300 1.5x, https:\/\/i0.wp.com\/r-mboutique.com\/wp-content\/uploads\/2022\/08\/img_0374.jpeg?fit=1140%2C1140&ssl=1&resize=700%2C400 2x, https:\/\/i0.wp.com\/r-mboutique.com\/wp-content\/uploads\/2022\/08\/img_0374.jpeg?fit=1140%2C1140&ssl=1&resize=1050%2C600 3x"},"classes":[]},{"id":6056,"url":"https:\/\/r-mboutique.com\/index.php\/product\/casio-w-219h-2a2vef\/","url_meta":{"origin":2333,"position":3},"title":"Casio W-219H-2A2VEF","author":"Ramzi Merabtine","date":"08\/05\/2022","format":false,"excerpt":"SP\u00c9CIFICATIONS Alarme quotidienne Une alarme sonore vous rappelle quotidiennement vos \u00e9ch\u00e9ances \u00e0 l'heure programm\u00e9e.\u00a0 Bracelet en r\u00e9sine Gr\u00e2ce \u00e0 son extr\u00eame durabilit\u00e9 et sa souplesse, la r\u00e9sine synth\u00e9tique constitue un mat\u00e9riau id\u00e9al pour les bracelets.\u00a0 7\u00a0ans - 1\u00a0pile La pile procure \u00e0 la montre l'\u00e9nergie n\u00e9cessaire pendant env. 7\u00a0ans.\u00a0 \u00c9clairage\u2026","rel":"","context":"Article similaire","block_context":{"text":"Article similaire","link":""},"img":{"alt_text":"","src":"https:\/\/i0.wp.com\/r-mboutique.com\/wp-content\/uploads\/2022\/08\/img_0376-1-3.jpeg?fit=1182%2C1182&ssl=1&resize=350%2C200","width":350,"height":200,"srcset":"https:\/\/i0.wp.com\/r-mboutique.com\/wp-content\/uploads\/2022\/08\/img_0376-1-3.jpeg?fit=1182%2C1182&ssl=1&resize=350%2C200 1x, https:\/\/i0.wp.com\/r-mboutique.com\/wp-content\/uploads\/2022\/08\/img_0376-1-3.jpeg?fit=1182%2C1182&ssl=1&resize=525%2C300 1.5x, https:\/\/i0.wp.com\/r-mboutique.com\/wp-content\/uploads\/2022\/08\/img_0376-1-3.jpeg?fit=1182%2C1182&ssl=1&resize=700%2C400 2x, https:\/\/i0.wp.com\/r-mboutique.com\/wp-content\/uploads\/2022\/08\/img_0376-1-3.jpeg?fit=1182%2C1182&ssl=1&resize=1050%2C600 3x"},"classes":[]},{"id":6062,"url":"https:\/\/r-mboutique.com\/index.php\/product\/casio-w-219h-4avef\/","url_meta":{"origin":2333,"position":4},"title":"Casio W-219H-4AVEF","author":"Ramzi Merabtine","date":"08\/05\/2022","format":false,"excerpt":"SP\u00c9CIFICATIONS Alarme quotidienne Une alarme sonore vous rappelle quotidiennement vos \u00e9ch\u00e9ances \u00e0 l'heure programm\u00e9e.\u00a0 Bracelet en r\u00e9sine Gr\u00e2ce \u00e0 son extr\u00eame durabilit\u00e9 et sa souplesse, la r\u00e9sine synth\u00e9tique constitue un mat\u00e9riau id\u00e9al pour les bracelets.\u00a0 7\u00a0ans - 1\u00a0pile La pile procure \u00e0 la montre l'\u00e9nergie n\u00e9cessaire pendant env. 7\u00a0ans.\u00a0 \u00c9clairage\u2026","rel":"","context":"Article similaire","block_context":{"text":"Article similaire","link":""},"img":{"alt_text":"","src":"https:\/\/i0.wp.com\/r-mboutique.com\/wp-content\/uploads\/2022\/08\/img_0377.jpeg?fit=531%2C531&ssl=1&resize=350%2C200","width":350,"height":200,"srcset":"https:\/\/i0.wp.com\/r-mboutique.com\/wp-content\/uploads\/2022\/08\/img_0377.jpeg?fit=531%2C531&ssl=1&resize=350%2C200 1x, https:\/\/i0.wp.com\/r-mboutique.com\/wp-content\/uploads\/2022\/08\/img_0377.jpeg?fit=531%2C531&ssl=1&resize=525%2C300 1.5x"},"classes":[]},{"id":6068,"url":"https:\/\/r-mboutique.com\/index.php\/product\/casio-w-219h-2avef\/","url_meta":{"origin":2333,"position":5},"title":"Casio W-219H-2AVEF","author":"Ramzi Merabtine","date":"08\/05\/2022","format":false,"excerpt":"SP\u00c9CIFICATIONS Alarme quotidienne Une alarme sonore vous rappelle quotidiennement vos \u00e9ch\u00e9ances \u00e0 l'heure programm\u00e9e.\u00a0 Bracelet en r\u00e9sine Gr\u00e2ce \u00e0 son extr\u00eame durabilit\u00e9 et sa souplesse, la r\u00e9sine synth\u00e9tique constitue un mat\u00e9riau id\u00e9al pour les bracelets.\u00a0 7\u00a0ans - 1\u00a0pile La pile procure \u00e0 la montre l'\u00e9nergie n\u00e9cessaire pendant env. 7\u00a0ans.\u00a0 \u00c9clairage\u2026","rel":"","context":"Article similaire","block_context":{"text":"Article similaire","link":""},"img":{"alt_text":"","src":"https:\/\/i0.wp.com\/r-mboutique.com\/wp-content\/uploads\/2022\/08\/img_0375.jpeg?fit=1141%2C1141&ssl=1&resize=350%2C200","width":350,"height":200,"srcset":"https:\/\/i0.wp.com\/r-mboutique.com\/wp-content\/uploads\/2022\/08\/img_0375.jpeg?fit=1141%2C1141&ssl=1&resize=350%2C200 1x, https:\/\/i0.wp.com\/r-mboutique.com\/wp-content\/uploads\/2022\/08\/img_0375.jpeg?fit=1141%2C1141&ssl=1&resize=525%2C300 1.5x, https:\/\/i0.wp.com\/r-mboutique.com\/wp-content\/uploads\/2022\/08\/img_0375.jpeg?fit=1141%2C1141&ssl=1&resize=700%2C400 2x, https:\/\/i0.wp.com\/r-mboutique.com\/wp-content\/uploads\/2022\/08\/img_0375.jpeg?fit=1141%2C1141&ssl=1&resize=1050%2C600 3x"},"classes":[]}],"_links":{"self":[{"href":"https:\/\/r-mboutique.com\/index.php\/wp-json\/wp\/v2\/product\/2333"}],"collection":[{"href":"https:\/\/r-mboutique.com\/index.php\/wp-json\/wp\/v2\/product"}],"about":[{"href":"https:\/\/r-mboutique.com\/index.php\/wp-json\/wp\/v2\/types\/product"}],"replies":[{"embeddable":true,"href":"https:\/\/r-mboutique.com\/index.php\/wp-json\/wp\/v2\/comments?post=2333"}],"wp:featuredmedia":[{"embeddable":true,"href":"https:\/\/r-mboutique.com\/index.php\/wp-json\/wp\/v2\/media\/2327"}],"wp:attachment":[{"href":"https:\/\/r-mboutique.com\/index.php\/wp-json\/wp\/v2\/media?parent=2333"}],"wp:term":[{"taxonomy":"product_cat","embeddable":true,"href":"https:\/\/r-mboutique.com\/index.php\/wp-json\/wp\/v2\/product_cat?post=2333"},{"taxonomy":"product_tag","embeddable":true,"href":"https:\/\/r-mboutique.com\/index.php\/wp-json\/wp\/v2\/product_tag?post=2333"}],"curies":[{"name":"wp","href":"https:\/\/api.w.org\/{rel}","templated":true}]}}