{"id":2366,"date":"2021-10-31T08:51:09","date_gmt":"2021-10-31T07:51:09","guid":{"rendered":"https:\/\/r-mboutique.com\/index.php\/product\/casio-mtp-1314d-1av\/"},"modified":"2025-09-18T06:30:50","modified_gmt":"2025-09-18T05:30:50","slug":"casio-mtp-1314d-1av","status":"publish","type":"product","link":"https:\/\/r-mboutique.com\/index.php\/product\/casio-mtp-1314d-1av\/","title":{"rendered":"Casio MTP-1314D-1AV"},"content":{"rendered":"<p><span style=\"font-family: Poppins, sans-serif;font-size: 12px;font-style: normal;font-weight: normal;letter-spacing: 0.800000011920929px;text-align: start;text-indent: 0px;text-transform: none;text-decoration: none;float: none\">Montre Homme &#8211; Dimensions (HxLxD):&nbsp;<\/span><span style=\"font-size: 12px;margin-bottom: 0px;font-family: Poppins, sans-serif;font-style: normal;font-weight: normal;letter-spacing: 0.800000011920929px;text-align: start;text-indent: 0px;text-transform: none;text-decoration: none\"><span style=\"font-size: 12px;margin-bottom: 0px\">50 x 44.9 x 9.4 mm<\/span><\/span><span style=\"font-size: 12px;margin-bottom: 0px;font-family: Poppins, sans-serif;font-style: normal;font-weight: normal;letter-spacing: 0.800000011920929px;text-align: start;text-indent: 0px;text-transform: none;text-decoration: none\"><span class=\"Apple-converted-space\">&nbsp;<\/span><\/span><span style=\"font-size: 12px;margin-bottom: 0px;font-family: Poppins, sans-serif;font-style: normal;font-weight: normal;letter-spacing: 0.800000011920929px;text-align: start;text-indent: 0px;text-transform: none;text-decoration: none\">&#8211; Affichage de la date<\/span><span style=\"font-family: Poppins, sans-serif;font-size: 12px;font-style: normal;font-weight: normal;letter-spacing: 0.800000011920929px;text-align: start;text-indent: 0px;text-transform: none;text-decoration: none;float: none\">&nbsp;&#8211;<\/span><span style=\"font-family: Poppins, sans-serif;font-size: 12px;font-style: normal;font-weight: normal;letter-spacing: 0.800000011920929px;text-align: start;text-indent: 0px;text-transform: none;text-decoration: none;float: none\"><span class=\"Apple-converted-space\">&nbsp;<\/span><\/span><span style=\"font-size: 12px;margin-bottom: 0px;font-family: Poppins, sans-serif;font-style: normal;font-weight: normal;letter-spacing: 0.800000011920929px;text-align: start;text-indent: 0px;text-transform: none;text-decoration: none\"><span style=\"font-size: 12px;margin-bottom: 0px\">Pile dur\u00e9 de vie:&nbsp;<\/span><\/span><span style=\"font-size: 12px;margin-bottom: 0px;font-family: Poppins, sans-serif;font-style: normal;font-weight: normal;letter-spacing: 0.800000011920929px;text-align: start;text-indent: 0px;text-transform: none;text-decoration: none\"><span style=\"font-size: 12px;margin-bottom: 0px\">3 Ans &#8211; R\u00e9sistance \u00e0 l&#8217;eau de 50 m\u00e8tres &#8211;<\/span><\/span><span style=\"font-size: 12px;margin-bottom: 0px;font-family: Poppins, sans-serif;font-style: normal;font-weight: normal;letter-spacing: 0.800000011920929px;text-align: start;text-indent: 0px;text-transform: none;text-decoration: none\"><span style=\"font-size: 12px;margin-bottom: 0px\">&nbsp;<\/span><\/span><span style=\"font-size: 12px;margin-bottom: 0px;font-family: Poppins, sans-serif;font-style: normal;font-weight: normal;letter-spacing: 0.800000011920929px;text-align: start;text-indent: 0px;text-transform: none;text-decoration: none\"><span style=\"font-size: 12px;margin-bottom: 0px\">Bo\u00eetier en laiton<\/span><\/span><span style=\"font-size: 12px;margin-bottom: 0px;font-family: Poppins, sans-serif;font-style: normal;font-weight: normal;letter-spacing: 0.800000011920929px;text-align: start;text-indent: 0px;text-transform: none;text-decoration: none\"><span style=\"font-size: 12px;margin-bottom: 0px\"><span class=\"Apple-converted-space\">&nbsp;<\/span><\/span><\/span><span style=\"font-size: 12px;margin-bottom: 0px;font-family: Poppins, sans-serif;font-style: normal;font-weight: normal;letter-spacing: 0.800000011920929px;text-align: start;text-indent: 0px;text-transform: none;text-decoration: none\"><span style=\"font-size: 12px;margin-bottom: 0px\">&#8211; Bracelet en&nbsp;<\/span><\/span><span style=\"font-size: 12px;margin-bottom: 0px;font-family: Poppins, sans-serif;font-style: normal;font-weight: normal;letter-spacing: 0.800000011920929px;text-align: start;text-indent: 0px;text-transform: none;text-decoration: none\"><span style=\"font-size: 12px;margin-bottom: 0px\">Acier inoxydable &#8211;&nbsp;<\/span><\/span><span style=\"font-size: 12px;margin-bottom: 0px;font-family: Poppins, sans-serif;font-style: normal;font-weight: normal;letter-spacing: 0.800000011920929px;text-align: start;text-indent: 0px;text-transform: none;text-decoration: none\"><span style=\"font-size: 12px;margin-bottom: 0px\">Verre min\u00e9ral &#8211;&nbsp;<\/span><\/span><span style=\"font-size: 12px;margin-bottom: 0px;font-family: Poppins, sans-serif;font-style: normal;font-weight: normal;letter-spacing: 0.800000011920929px;text-align: start;text-indent: 0px;text-transform: none;text-decoration: none\"><span style=\"font-size: 12px;margin-bottom: 0px\">Fermoir \u00e0 cliquet<\/span><\/span><span style=\"font-family: Poppins, sans-serif;font-size: 12px;font-style: normal;font-weight: normal;letter-spacing: 0.800000011920929px;text-align: start;text-indent: 0px;text-transform: none;text-decoration: none;float: none\">&nbsp;&#8211; Poids: 126 g<\/span><\/p>\n","protected":false},"excerpt":{"rendered":"<p>Montre Homme &#8211; Dimensions (HxLxD):&nbsp;50 x 44.9 x 9.4 mm&nbsp;&#8211; Affichage de la date&nbsp;&#8211;&nbsp;Pile dur\u00e9 de vie:&nbsp;3 Ans &#8211; R\u00e9sistance<\/p>\n","protected":false},"featured_media":2364,"comment_status":"open","ping_status":"closed","template":"","meta":{"om_disable_all_campaigns":false},"product_cat":[37,46,26,28],"product_tag":[],"jetpack-related-posts":[{"id":2371,"url":"https:\/\/r-mboutique.com\/index.php\/product\/casio-mtp-1314d-2av\/","url_meta":{"origin":2366,"position":0},"title":"Casio MTP-1314D-2AV","author":"Ramzi Merabtine","date":"10\/31\/2021","format":false,"excerpt":"Montre Homme - Dimensions (HxLxD):\u00a050 x 44.9 x 9.4 mm\u00a0- Affichage de la date\u00a0-\u00a0Pile dur\u00e9 de vie:\u00a03 Ans - R\u00e9sistance \u00e0 l'eau de 50 m\u00e8tres -\u00a0Bo\u00eetier en laiton\u00a0- Bracelet en\u00a0Acier inoxydable -\u00a0Verre min\u00e9ral -\u00a0Fermoir \u00e0 cliquet\u00a0- Poids: 126 g","rel":"","context":"Article similaire","block_context":{"text":"Article similaire","link":""},"img":{"alt_text":"","src":"https:\/\/i0.wp.com\/r-mboutique.com\/wp-content\/uploads\/2021\/10\/img_3941.jpeg?fit=1200%2C1200&ssl=1&resize=350%2C200","width":350,"height":200,"srcset":"https:\/\/i0.wp.com\/r-mboutique.com\/wp-content\/uploads\/2021\/10\/img_3941.jpeg?fit=1200%2C1200&ssl=1&resize=350%2C200 1x, https:\/\/i0.wp.com\/r-mboutique.com\/wp-content\/uploads\/2021\/10\/img_3941.jpeg?fit=1200%2C1200&ssl=1&resize=525%2C300 1.5x, https:\/\/i0.wp.com\/r-mboutique.com\/wp-content\/uploads\/2021\/10\/img_3941.jpeg?fit=1200%2C1200&ssl=1&resize=700%2C400 2x, https:\/\/i0.wp.com\/r-mboutique.com\/wp-content\/uploads\/2021\/10\/img_3941.jpeg?fit=1200%2C1200&ssl=1&resize=1050%2C600 3x"},"classes":[]},{"id":2376,"url":"https:\/\/r-mboutique.com\/index.php\/product\/casio-mtp-1314d-7av\/","url_meta":{"origin":2366,"position":1},"title":"Casio MTP-1314D-7AV","author":"Ramzi Merabtine","date":"10\/31\/2021","format":false,"excerpt":"Montre Homme \u2013 Dimensions (HxLxD):\u00a050 x 44.9 x 9.4 mm\u00a0\u2013 Affichage de la date\u00a0\u2013\u00a0Pile dur\u00e9 de vie:\u00a03 Ans \u2013 R\u00e9sistance \u00e0 l\u2019eau de 50 m\u00e8tres \u2013\u00a0Bo\u00eetier en laiton\u00a0\u2013 Bracelet en\u00a0Acier inoxydable \u2013\u00a0Verre min\u00e9ral \u2013\u00a0Fermoir \u00e0 cliquet\u00a0\u2013 Poids: 126 g","rel":"","context":"Article similaire","block_context":{"text":"Article similaire","link":""},"img":{"alt_text":"","src":"https:\/\/i0.wp.com\/r-mboutique.com\/wp-content\/uploads\/2021\/10\/img_3943.jpeg?fit=1200%2C1200&ssl=1&resize=350%2C200","width":350,"height":200,"srcset":"https:\/\/i0.wp.com\/r-mboutique.com\/wp-content\/uploads\/2021\/10\/img_3943.jpeg?fit=1200%2C1200&ssl=1&resize=350%2C200 1x, https:\/\/i0.wp.com\/r-mboutique.com\/wp-content\/uploads\/2021\/10\/img_3943.jpeg?fit=1200%2C1200&ssl=1&resize=525%2C300 1.5x, https:\/\/i0.wp.com\/r-mboutique.com\/wp-content\/uploads\/2021\/10\/img_3943.jpeg?fit=1200%2C1200&ssl=1&resize=700%2C400 2x, https:\/\/i0.wp.com\/r-mboutique.com\/wp-content\/uploads\/2021\/10\/img_3943.jpeg?fit=1200%2C1200&ssl=1&resize=1050%2C600 3x"},"classes":[]},{"id":7570,"url":"https:\/\/r-mboutique.com\/index.php\/product\/casio-mtp-e715l-1av\/","url_meta":{"origin":2366,"position":2},"title":"Casio MTP-E715L-1AV","author":"Ramzi Merabtine","date":"08\/06\/2023","format":false,"excerpt":"La batterie de 10 ans, la r\u00e9sistance \u00e0 l\u2019eau jusqu\u2019\u00e0 50 m\u00e8tres et l\u2019affichage pratique de la date vous permettent de vous concentrer sur ce que vous aimez faire. Informations de base Taille du bo\u00eetier (L \u00d7 L \u00d7 H) : 48 \u00d7 43,4 \u00d7 8,8 mm Lester : 67\u2026","rel":"","context":"Article similaire","block_context":{"text":"Article similaire","link":""},"img":{"alt_text":"","src":"https:\/\/i0.wp.com\/r-mboutique.com\/wp-content\/uploads\/2023\/08\/img_5162.jpeg?fit=1097%2C1097&ssl=1&resize=350%2C200","width":350,"height":200,"srcset":"https:\/\/i0.wp.com\/r-mboutique.com\/wp-content\/uploads\/2023\/08\/img_5162.jpeg?fit=1097%2C1097&ssl=1&resize=350%2C200 1x, https:\/\/i0.wp.com\/r-mboutique.com\/wp-content\/uploads\/2023\/08\/img_5162.jpeg?fit=1097%2C1097&ssl=1&resize=525%2C300 1.5x, https:\/\/i0.wp.com\/r-mboutique.com\/wp-content\/uploads\/2023\/08\/img_5162.jpeg?fit=1097%2C1097&ssl=1&resize=700%2C400 2x, https:\/\/i0.wp.com\/r-mboutique.com\/wp-content\/uploads\/2023\/08\/img_5162.jpeg?fit=1097%2C1097&ssl=1&resize=1050%2C600 3x"},"classes":[]},{"id":7895,"url":"https:\/\/r-mboutique.com\/index.php\/product\/casio-mtp-1374d-1av\/","url_meta":{"origin":2366,"position":3},"title":"Casio MTP-1374D-1AV","author":"Ramzi Merabtine","date":"09\/29\/2023","format":false,"excerpt":"Cette montre Casio \u00e0 un bo\u00eetier en acier inoxydable avec un diam\u00e8tre de 43,5mm et poss\u00e8de un bracelet en\u00a0m\u00e9tal. Le bo\u00eetier de la montre contient un mouvement et un cristal min\u00e9ral. La montre est \u00e9tanche \u00e0 5ATM. Cela signifie que la montre est \u00e9tanche pour la douche. La montre est\u2026","rel":"","context":"Article similaire","block_context":{"text":"Article similaire","link":""},"img":{"alt_text":"","src":"https:\/\/i0.wp.com\/r-mboutique.com\/wp-content\/uploads\/2023\/09\/3e585892-1e2a-40cb-88f5-a2d519309c84.jpeg?fit=1200%2C1200&ssl=1&resize=350%2C200","width":350,"height":200,"srcset":"https:\/\/i0.wp.com\/r-mboutique.com\/wp-content\/uploads\/2023\/09\/3e585892-1e2a-40cb-88f5-a2d519309c84.jpeg?fit=1200%2C1200&ssl=1&resize=350%2C200 1x, https:\/\/i0.wp.com\/r-mboutique.com\/wp-content\/uploads\/2023\/09\/3e585892-1e2a-40cb-88f5-a2d519309c84.jpeg?fit=1200%2C1200&ssl=1&resize=525%2C300 1.5x, https:\/\/i0.wp.com\/r-mboutique.com\/wp-content\/uploads\/2023\/09\/3e585892-1e2a-40cb-88f5-a2d519309c84.jpeg?fit=1200%2C1200&ssl=1&resize=700%2C400 2x, https:\/\/i0.wp.com\/r-mboutique.com\/wp-content\/uploads\/2023\/09\/3e585892-1e2a-40cb-88f5-a2d519309c84.jpeg?fit=1200%2C1200&ssl=1&resize=1050%2C600 3x"},"classes":[]},{"id":7883,"url":"https:\/\/r-mboutique.com\/index.php\/product\/casio-mtp-1374l-1av\/","url_meta":{"origin":2366,"position":4},"title":"Casio MTP-1374L-1AV","author":"Ramzi Merabtine","date":"09\/29\/2023","format":false,"excerpt":"Cette montre Casio \u00e0 un bo\u00eetier en acier inoxydable avec un diam\u00e8tre de 43,5mm et poss\u00e8de un bracelet en cuir. Le bo\u00eetier de la montre contient un mouvement et un cristal min\u00e9ral. La montre est \u00e9tanche \u00e0 5ATM. Cela signifie que la montre est \u00e9tanche pour la douche. La montre\u2026","rel":"","context":"Article similaire","block_context":{"text":"Article similaire","link":""},"img":{"alt_text":"","src":"https:\/\/i0.wp.com\/r-mboutique.com\/wp-content\/uploads\/2023\/09\/img_6583.jpeg?fit=959%2C959&ssl=1&resize=350%2C200","width":350,"height":200,"srcset":"https:\/\/i0.wp.com\/r-mboutique.com\/wp-content\/uploads\/2023\/09\/img_6583.jpeg?fit=959%2C959&ssl=1&resize=350%2C200 1x, https:\/\/i0.wp.com\/r-mboutique.com\/wp-content\/uploads\/2023\/09\/img_6583.jpeg?fit=959%2C959&ssl=1&resize=525%2C300 1.5x, https:\/\/i0.wp.com\/r-mboutique.com\/wp-content\/uploads\/2023\/09\/img_6583.jpeg?fit=959%2C959&ssl=1&resize=700%2C400 2x"},"classes":[]},{"id":5063,"url":"https:\/\/r-mboutique.com\/index.php\/product\/casio-mtp-e500-1av\/","url_meta":{"origin":2366,"position":5},"title":"Casio MTP-E500-1AV","author":"Ramzi Merabtine","date":"03\/28\/2022","format":false,"excerpt":"Cette montre casio \u00e0 un bo\u00eetier en acier inoxydable avec un diam\u00e8tre de 44mm et poss\u00e8de un bracelet en silicone. Le bo\u00eetier de la montre contient un mouvement et un cristal min\u00e9ral. La montre est \u00e9tanche \u00e0 5ATM. Cela signifie que la montre est \u00e9tanche pour la douche. La montre\u2026","rel":"","context":"Article similaire","block_context":{"text":"Article similaire","link":""},"img":{"alt_text":"","src":"https:\/\/i0.wp.com\/r-mboutique.com\/wp-content\/uploads\/2022\/03\/f3dd69ae-5573-47ee-818b-d17514f63c6c-1.jpeg?fit=1200%2C1200&ssl=1&resize=350%2C200","width":350,"height":200,"srcset":"https:\/\/i0.wp.com\/r-mboutique.com\/wp-content\/uploads\/2022\/03\/f3dd69ae-5573-47ee-818b-d17514f63c6c-1.jpeg?fit=1200%2C1200&ssl=1&resize=350%2C200 1x, https:\/\/i0.wp.com\/r-mboutique.com\/wp-content\/uploads\/2022\/03\/f3dd69ae-5573-47ee-818b-d17514f63c6c-1.jpeg?fit=1200%2C1200&ssl=1&resize=525%2C300 1.5x, https:\/\/i0.wp.com\/r-mboutique.com\/wp-content\/uploads\/2022\/03\/f3dd69ae-5573-47ee-818b-d17514f63c6c-1.jpeg?fit=1200%2C1200&ssl=1&resize=700%2C400 2x, https:\/\/i0.wp.com\/r-mboutique.com\/wp-content\/uploads\/2022\/03\/f3dd69ae-5573-47ee-818b-d17514f63c6c-1.jpeg?fit=1200%2C1200&ssl=1&resize=1050%2C600 3x"},"classes":[]}],"_links":{"self":[{"href":"https:\/\/r-mboutique.com\/index.php\/wp-json\/wp\/v2\/product\/2366"}],"collection":[{"href":"https:\/\/r-mboutique.com\/index.php\/wp-json\/wp\/v2\/product"}],"about":[{"href":"https:\/\/r-mboutique.com\/index.php\/wp-json\/wp\/v2\/types\/product"}],"replies":[{"embeddable":true,"href":"https:\/\/r-mboutique.com\/index.php\/wp-json\/wp\/v2\/comments?post=2366"}],"wp:featuredmedia":[{"embeddable":true,"href":"https:\/\/r-mboutique.com\/index.php\/wp-json\/wp\/v2\/media\/2364"}],"wp:attachment":[{"href":"https:\/\/r-mboutique.com\/index.php\/wp-json\/wp\/v2\/media?parent=2366"}],"wp:term":[{"taxonomy":"product_cat","embeddable":true,"href":"https:\/\/r-mboutique.com\/index.php\/wp-json\/wp\/v2\/product_cat?post=2366"},{"taxonomy":"product_tag","embeddable":true,"href":"https:\/\/r-mboutique.com\/index.php\/wp-json\/wp\/v2\/product_tag?post=2366"}],"curies":[{"name":"wp","href":"https:\/\/api.w.org\/{rel}","templated":true}]}}