{"id":5730,"date":"2022-06-07T23:32:31","date_gmt":"2022-06-07T22:32:31","guid":{"rendered":"https:\/\/r-mboutique.com\/index.php\/product\/casio-vintage-f-94wa-8dg\/"},"modified":"2025-09-18T06:28:23","modified_gmt":"2025-09-18T05:28:23","slug":"casio-vintage-f-94wa-8dg","status":"publish","type":"product","link":"https:\/\/r-mboutique.com\/index.php\/product\/casio-vintage-f-94wa-8dg\/","title":{"rendered":"CASIO Vintage F-94WA-8DG"},"content":{"rendered":"<p>Mat\u00e9riau du bo\u00eetier \/ de la lunette : r\u00e9sine<\/p>\n<p>Bande de r\u00e9sine<\/p>\n<p>Verre en r\u00e9sine<\/p>\n<p>R\u00e9sistant \u00e0 l&#8217;eau<\/p>\n<p>Lumi\u00e8re LED<\/p>\n<p>Chronom\u00e8tre de 1\/100 seconde<\/p>\n<p>Capacit\u00e9 de mesure: 59&#8217;59.99&#8243;<\/p>\n<p>Modes de mesure : temps net, temps fractionn\u00e9, temps de la 1re \u00e0 la 2e place<\/p>\n<p>Alarme quotidienne<\/p>\n<p>Signal horaire horaire<\/p>\n<p>Auto-calendrier (fix\u00e9 \u00e0 28 jours pour f\u00e9vrier)<\/p>\n<p>Format 12\/24 heures<\/p>\n<p>Temps r\u00e9gulier : heure, minute, seconde, pm, date, jour<\/p>\n<p>Pr\u00e9cision: \u00b130 secondes par mois<\/p>\n<p>Dur\u00e9e de vie approximative de la batterie : 7 ans sur CR2016<\/p>\n","protected":false},"excerpt":{"rendered":"<p>Mat\u00e9riau du bo\u00eetier \/ de la lunette : r\u00e9sine Bande de r\u00e9sine Verre en r\u00e9sine R\u00e9sistant \u00e0 l&#8217;eau Lumi\u00e8re LED<\/p>\n","protected":false},"featured_media":5729,"comment_status":"open","ping_status":"closed","template":"","meta":{"om_disable_all_campaigns":false},"product_cat":[46,26,30,28],"product_tag":[],"jetpack-related-posts":[{"id":5726,"url":"https:\/\/r-mboutique.com\/index.php\/product\/casio-vintage-f-91wg-9qdf\/","url_meta":{"origin":5730,"position":0},"title":"Casio Vintage F-91WG-9QDF","author":"Ramzi Merabtine","date":"06\/07\/2022","format":false,"excerpt":"Mat\u00e9riau du bo\u00eetier \/ de la lunette : r\u00e9sine Bande de r\u00e9sine Verre en r\u00e9sine R\u00e9sistant \u00e0 l'eau Lumi\u00e8re LED Chronom\u00e8tre de 1\/100 seconde Capacit\u00e9 de mesure: 59'59.99\" Modes de mesure : temps net, temps fractionn\u00e9, temps de la 1re \u00e0 la 2e place Alarme quotidienne Signal horaire horaire Auto-calendrier\u2026","rel":"","context":"Article similaire","block_context":{"text":"Article similaire","link":""},"img":{"alt_text":"","src":"https:\/\/i0.wp.com\/r-mboutique.com\/wp-content\/uploads\/2022\/06\/img_9621.jpeg?fit=700%2C700&ssl=1&resize=350%2C200","width":350,"height":200,"srcset":"https:\/\/i0.wp.com\/r-mboutique.com\/wp-content\/uploads\/2022\/06\/img_9621.jpeg?fit=700%2C700&ssl=1&resize=350%2C200 1x, https:\/\/i0.wp.com\/r-mboutique.com\/wp-content\/uploads\/2022\/06\/img_9621.jpeg?fit=700%2C700&ssl=1&resize=525%2C300 1.5x, https:\/\/i0.wp.com\/r-mboutique.com\/wp-content\/uploads\/2022\/06\/img_9621.jpeg?fit=700%2C700&ssl=1&resize=700%2C400 2x"},"classes":[]},{"id":5758,"url":"https:\/\/r-mboutique.com\/index.php\/product\/casio-mwd-100h-1bv\/","url_meta":{"origin":5730,"position":1},"title":"Casio MWD-100H-1BV","author":"Ramzi Merabtine","date":"06\/08\/2022","format":false,"excerpt":"Un design sportif et \u00e9l\u00e9gant pour satisfaire \u00e0 la fois vos c\u00f4t\u00e9s \u00e9l\u00e9gants et pratiques. Complet avec une batterie de 10 ans \u00e0 laquelle vous n'aurez pas \u00e0 penser pendant des lustres, ainsi qu'une r\u00e9sistance \u00e0 l'eau de 100 m\u00e8tres pour se doucher et nager sans tracas. La lumi\u00e8re LED\u2026","rel":"","context":"Article similaire","block_context":{"text":"Article similaire","link":""},"img":{"alt_text":"","src":"https:\/\/i0.wp.com\/r-mboutique.com\/wp-content\/uploads\/2022\/06\/img_9633.jpeg?fit=684%2C684&ssl=1&resize=350%2C200","width":350,"height":200,"srcset":"https:\/\/i0.wp.com\/r-mboutique.com\/wp-content\/uploads\/2022\/06\/img_9633.jpeg?fit=684%2C684&ssl=1&resize=350%2C200 1x, https:\/\/i0.wp.com\/r-mboutique.com\/wp-content\/uploads\/2022\/06\/img_9633.jpeg?fit=684%2C684&ssl=1&resize=525%2C300 1.5x"},"classes":[]},{"id":5786,"url":"https:\/\/r-mboutique.com\/index.php\/product\/casio-vintage-a159wa-n1df\/","url_meta":{"origin":5730,"position":2},"title":"Casio Vintage A159WA-N1DF","author":"Ramzi Merabtine","date":"06\/15\/2022","format":false,"excerpt":"Caract\u00e9ristiques Taille du bo\u00eetier (L \u00d7 W \u00d7 H) : 36,8 \u00d7 33,2 \u00d7 8,2 mm Poids : 44 g Mat\u00e9riau du bo\u00eetier \/ de la lunette : r\u00e9sine \/ chrom\u00e9 Bande en acier inoxydable Fermoir r\u00e9glable R\u00e9sistant \u00e0 l'eau Alimentation \u00e9lectrique et dur\u00e9e de vie de la batterie Dur\u00e9e\u2026","rel":"","context":"Article similaire","block_context":{"text":"Article similaire","link":""},"img":{"alt_text":"","src":"https:\/\/i0.wp.com\/r-mboutique.com\/wp-content\/uploads\/2022\/06\/47403e0b-4107-408d-8209-292f86f85529.jpeg?fit=1200%2C1200&ssl=1&resize=350%2C200","width":350,"height":200,"srcset":"https:\/\/i0.wp.com\/r-mboutique.com\/wp-content\/uploads\/2022\/06\/47403e0b-4107-408d-8209-292f86f85529.jpeg?fit=1200%2C1200&ssl=1&resize=350%2C200 1x, https:\/\/i0.wp.com\/r-mboutique.com\/wp-content\/uploads\/2022\/06\/47403e0b-4107-408d-8209-292f86f85529.jpeg?fit=1200%2C1200&ssl=1&resize=525%2C300 1.5x, https:\/\/i0.wp.com\/r-mboutique.com\/wp-content\/uploads\/2022\/06\/47403e0b-4107-408d-8209-292f86f85529.jpeg?fit=1200%2C1200&ssl=1&resize=700%2C400 2x, https:\/\/i0.wp.com\/r-mboutique.com\/wp-content\/uploads\/2022\/06\/47403e0b-4107-408d-8209-292f86f85529.jpeg?fit=1200%2C1200&ssl=1&resize=1050%2C600 3x"},"classes":[]},{"id":7646,"url":"https:\/\/r-mboutique.com\/index.php\/product\/casio-pop-lf-20w-8a\/","url_meta":{"origin":5730,"position":3},"title":"Casio POP LF-20W-8A","author":"Ramzi Merabtine","date":"08\/21\/2023","format":false,"excerpt":"Jouez la carte de l'originalit\u00e9 avec des mod\u00e8les charmants et intemporels, dot\u00e9s d'une horloge de type analogique et d'un affichage num\u00e9rique de l'heure. Gr\u00e2ce \u00e0 son confort compact et \u00e0 ses couleurs naturelles toujours \u00e0 la mode, cette montre s'adapte \u00e0 tous les poignets. Le bracelet est fabriqu\u00e9 en r\u00e9sine\u2026","rel":"","context":"Article similaire","block_context":{"text":"Article similaire","link":""},"img":{"alt_text":"","src":"https:\/\/i0.wp.com\/r-mboutique.com\/wp-content\/uploads\/2023\/08\/img_5415.jpeg?fit=980%2C980&ssl=1&resize=350%2C200","width":350,"height":200,"srcset":"https:\/\/i0.wp.com\/r-mboutique.com\/wp-content\/uploads\/2023\/08\/img_5415.jpeg?fit=980%2C980&ssl=1&resize=350%2C200 1x, https:\/\/i0.wp.com\/r-mboutique.com\/wp-content\/uploads\/2023\/08\/img_5415.jpeg?fit=980%2C980&ssl=1&resize=525%2C300 1.5x, https:\/\/i0.wp.com\/r-mboutique.com\/wp-content\/uploads\/2023\/08\/img_5415.jpeg?fit=980%2C980&ssl=1&resize=700%2C400 2x"},"classes":[]},{"id":8546,"url":"https:\/\/r-mboutique.com\/index.php\/product\/casio-ae-1200whd-1av\/","url_meta":{"origin":5730,"position":4},"title":"Casio AE-1200WHD-1AV","author":"Ramzi Merabtine","date":"03\/11\/2024","format":false,"excerpt":"DUR\u00c9E DE VIE DE LA BATTERIE DE 10\u00a0ANS \u2022 Chronom\u00e8tre au 1\/100e\u00a0de seconde \u2022 Carte du monde pour l'heure mondiale \u2022 5\u00a0alarmes \u2022 \u00c9clairage LED \u2022 \u00c9tanche jusqu'\u00e0 100\u00a0m\u00e8tres Informations de base : Taille du bo\u00eetier (L\u00d7 l\u00d7 H) : 45 \u00d7 42.1 \u00d7 12.5 mm Poids : 91 g\u2026","rel":"","context":"Article similaire","block_context":{"text":"Article similaire","link":""},"img":{"alt_text":"","src":"https:\/\/i0.wp.com\/r-mboutique.com\/wp-content\/uploads\/2024\/03\/img_1132.jpeg?fit=1200%2C1200&ssl=1&resize=350%2C200","width":350,"height":200,"srcset":"https:\/\/i0.wp.com\/r-mboutique.com\/wp-content\/uploads\/2024\/03\/img_1132.jpeg?fit=1200%2C1200&ssl=1&resize=350%2C200 1x, https:\/\/i0.wp.com\/r-mboutique.com\/wp-content\/uploads\/2024\/03\/img_1132.jpeg?fit=1200%2C1200&ssl=1&resize=525%2C300 1.5x, https:\/\/i0.wp.com\/r-mboutique.com\/wp-content\/uploads\/2024\/03\/img_1132.jpeg?fit=1200%2C1200&ssl=1&resize=700%2C400 2x, https:\/\/i0.wp.com\/r-mboutique.com\/wp-content\/uploads\/2024\/03\/img_1132.jpeg?fit=1200%2C1200&ssl=1&resize=1050%2C600 3x"},"classes":[]},{"id":7769,"url":"https:\/\/r-mboutique.com\/index.php\/product\/casio-lws-2200h-4av\/","url_meta":{"origin":5730,"position":5},"title":"Casio LWS-2200H-4AV","author":"Ramzi Merabtine","date":"08\/29\/2023","format":false,"excerpt":"Restez en phase et sur la bonne voie avec fonctionnalit\u00e9 et style. Prenez le contr\u00f4le avec le soutien dont vous avez besoin pour rester en bonne sant\u00e9 et g\u00e9rer votre exercice. Le tracker de pas compte automatiquement les pas d\u00e8s que vous commencez \u00e0 bouger, gr\u00e2ce \u00e0 l'acc\u00e9l\u00e9rom\u00e8tre \u00e0 3\u2026","rel":"","context":"Article similaire","block_context":{"text":"Article similaire","link":""},"img":{"alt_text":"","src":"https:\/\/i0.wp.com\/r-mboutique.com\/wp-content\/uploads\/2023\/08\/img_5821.jpeg?fit=1134%2C1134&ssl=1&resize=350%2C200","width":350,"height":200,"srcset":"https:\/\/i0.wp.com\/r-mboutique.com\/wp-content\/uploads\/2023\/08\/img_5821.jpeg?fit=1134%2C1134&ssl=1&resize=350%2C200 1x, https:\/\/i0.wp.com\/r-mboutique.com\/wp-content\/uploads\/2023\/08\/img_5821.jpeg?fit=1134%2C1134&ssl=1&resize=525%2C300 1.5x, https:\/\/i0.wp.com\/r-mboutique.com\/wp-content\/uploads\/2023\/08\/img_5821.jpeg?fit=1134%2C1134&ssl=1&resize=700%2C400 2x, https:\/\/i0.wp.com\/r-mboutique.com\/wp-content\/uploads\/2023\/08\/img_5821.jpeg?fit=1134%2C1134&ssl=1&resize=1050%2C600 3x"},"classes":[]}],"_links":{"self":[{"href":"https:\/\/r-mboutique.com\/index.php\/wp-json\/wp\/v2\/product\/5730"}],"collection":[{"href":"https:\/\/r-mboutique.com\/index.php\/wp-json\/wp\/v2\/product"}],"about":[{"href":"https:\/\/r-mboutique.com\/index.php\/wp-json\/wp\/v2\/types\/product"}],"replies":[{"embeddable":true,"href":"https:\/\/r-mboutique.com\/index.php\/wp-json\/wp\/v2\/comments?post=5730"}],"wp:featuredmedia":[{"embeddable":true,"href":"https:\/\/r-mboutique.com\/index.php\/wp-json\/wp\/v2\/media\/5729"}],"wp:attachment":[{"href":"https:\/\/r-mboutique.com\/index.php\/wp-json\/wp\/v2\/media?parent=5730"}],"wp:term":[{"taxonomy":"product_cat","embeddable":true,"href":"https:\/\/r-mboutique.com\/index.php\/wp-json\/wp\/v2\/product_cat?post=5730"},{"taxonomy":"product_tag","embeddable":true,"href":"https:\/\/r-mboutique.com\/index.php\/wp-json\/wp\/v2\/product_tag?post=5730"}],"curies":[{"name":"wp","href":"https:\/\/api.w.org\/{rel}","templated":true}]}}