{"id":5734,"date":"2022-06-08T07:30:51","date_gmt":"2022-06-08T06:30:51","guid":{"rendered":"https:\/\/r-mboutique.com\/index.php\/product\/casio-mq-24g-9edf\/"},"modified":"2025-09-18T06:28:20","modified_gmt":"2025-09-18T05:28:20","slug":"casio-mq-24g-9edf","status":"publish","type":"product","link":"https:\/\/r-mboutique.com\/index.php\/product\/casio-mq-24g-9edf\/","title":{"rendered":"Casio MQ-24G-9EDF"},"content":{"rendered":"<p>Il s&#8217;agit d&#8217;un mod\u00e8le en m\u00e9tal dor\u00e9.<\/p>\n<p>Le cadran utilise des index \u00e0 barres pour donner une impression \u00e9l\u00e9gante.<\/p>\n<p>De plus, il est combin\u00e9 en un seul ton de la m\u00eame couleur, et des formes et des couleurs sophistiqu\u00e9es cr\u00e9ent un look \u00e0 la mode.<\/p>\n<p>Il est lisse et agr\u00e9able au toucher, et s&#8217;adapte bien \u00e0 votre poignet.<\/p>\n<p>Il est \u00e9tanche pour la vie quotidienne en toute tranquillit\u00e9 d&#8217;esprit.<\/p>\n<p>Taille du bo\u00eetier (longueur x largeur x \u00e9paisseur)<\/p>\n<p>38,8 \u00d7 34,9 \u00d7 7,8 mm<\/p>\n<p>Messe.<\/p>\n<p>45 g<\/p>\n<p>Mat\u00e9riau du bo\u00eetier et de la lunette<\/p>\n<p>R\u00e9sines<\/p>\n<p>Un groupe<\/p>\n<p>Bande m\u00e9tallique (acier inoxydable)<\/p>\n<p>Nakadome de style libre<\/p>\n<p>Imperm\u00e9able pour la vie quotidienne<\/p>\n<p>Alimentation \u00e9lectrique et dur\u00e9e de vie de la batterie<\/p>\n<p>Autonomie de la batterie: environ 3 ans<\/p>\n","protected":false},"excerpt":{"rendered":"<p>Il s&#8217;agit d&#8217;un mod\u00e8le en m\u00e9tal dor\u00e9. Le cadran utilise des index \u00e0 barres pour donner une impression \u00e9l\u00e9gante. De<\/p>\n","protected":false},"featured_media":5733,"comment_status":"open","ping_status":"closed","template":"","meta":{"om_disable_all_campaigns":false},"product_cat":[46,26,30],"product_tag":[],"jetpack-related-posts":[{"id":5746,"url":"https:\/\/r-mboutique.com\/index.php\/product\/casio-mq-24mg-1edf\/","url_meta":{"origin":5734,"position":0},"title":"Casio MQ-24MG-1EDF","author":"Ramzi Merabtine","date":"06\/08\/2022","format":false,"excerpt":"Il s'agit d'un mod\u00e8le de groupe en m\u00e9tal dor\u00e9 et noir. Le cadran utilise des index \u00e0 barres pour donner une impression \u00e9l\u00e9gante. De plus, le groupe milanais est adopt\u00e9 pour donner une impression simple et \u00e0 la mode. Il est lisse et agr\u00e9able au toucher, et s'adapte bien \u00e0\u2026","rel":"","context":"Article similaire","block_context":{"text":"Article similaire","link":""},"img":{"alt_text":"","src":"https:\/\/i0.wp.com\/r-mboutique.com\/wp-content\/uploads\/2022\/06\/2a83e0a6-13de-449e-bfe6-34efd02eb6a7.jpeg?fit=1200%2C1200&ssl=1&resize=350%2C200","width":350,"height":200,"srcset":"https:\/\/i0.wp.com\/r-mboutique.com\/wp-content\/uploads\/2022\/06\/2a83e0a6-13de-449e-bfe6-34efd02eb6a7.jpeg?fit=1200%2C1200&ssl=1&resize=350%2C200 1x, https:\/\/i0.wp.com\/r-mboutique.com\/wp-content\/uploads\/2022\/06\/2a83e0a6-13de-449e-bfe6-34efd02eb6a7.jpeg?fit=1200%2C1200&ssl=1&resize=525%2C300 1.5x, https:\/\/i0.wp.com\/r-mboutique.com\/wp-content\/uploads\/2022\/06\/2a83e0a6-13de-449e-bfe6-34efd02eb6a7.jpeg?fit=1200%2C1200&ssl=1&resize=700%2C400 2x, https:\/\/i0.wp.com\/r-mboutique.com\/wp-content\/uploads\/2022\/06\/2a83e0a6-13de-449e-bfe6-34efd02eb6a7.jpeg?fit=1200%2C1200&ssl=1&resize=1050%2C600 3x"},"classes":[]},{"id":5742,"url":"https:\/\/r-mboutique.com\/index.php\/product\/casio-vintage-f-91wm-7adf\/","url_meta":{"origin":5734,"position":1},"title":"Casio Vintage F-91WM-7ADF","author":"Ramzi Merabtine","date":"06\/08\/2022","format":false,"excerpt":"Il s'agit d'un mod\u00e8le LCD num\u00e9rique l\u00e9ger et fin. Il est \u00e9quip\u00e9 de fonctions pratiques telles que l'affichage de la date et du jour, l'alarme et le chronom\u00e8tre. Informations de base Taille du bo\u00eetier (longueur x largeur x \u00e9paisseur) 38,2 \u00d7 35,2 \u00d7 8,5 mm Messe. 21 g Mat\u00e9riau du\u2026","rel":"","context":"Article similaire","block_context":{"text":"Article similaire","link":""},"img":{"alt_text":"","src":"https:\/\/i0.wp.com\/r-mboutique.com\/wp-content\/uploads\/2022\/06\/img_9628.jpeg?fit=663%2C663&ssl=1&resize=350%2C200","width":350,"height":200,"srcset":"https:\/\/i0.wp.com\/r-mboutique.com\/wp-content\/uploads\/2022\/06\/img_9628.jpeg?fit=663%2C663&ssl=1&resize=350%2C200 1x, https:\/\/i0.wp.com\/r-mboutique.com\/wp-content\/uploads\/2022\/06\/img_9628.jpeg?fit=663%2C663&ssl=1&resize=525%2C300 1.5x"},"classes":[]},{"id":8237,"url":"https:\/\/r-mboutique.com\/index.php\/product\/casio-retro-vintage-a168wgg-1b\/","url_meta":{"origin":5734,"position":2},"title":"Casio r\u00e9tro Vintage A168WGG-1B","author":"Ramzi Merabtine","date":"12\/26\/2023","format":false,"excerpt":"la fusion de la nostalgie r\u00e9tro et du style de la mode. Bien plus qu\u2019une simple d\u00e9claration de mode, cette montre offre des fonctions pratiques telles que le chronom\u00e8tre et l\u2019alarme, ainsi que l\u2019\u00e9tanch\u00e9it\u00e9 pour une utilisation quotidienne afin de vous lib\u00e9rer de toute inqui\u00e9tude, m\u00eame les jours de pluie.\u2026","rel":"","context":"Article similaire","block_context":{"text":"Article similaire","link":""},"img":{"alt_text":"","src":"https:\/\/i0.wp.com\/r-mboutique.com\/wp-content\/uploads\/2023\/12\/img_9092.jpeg?fit=1200%2C1200&ssl=1&resize=350%2C200","width":350,"height":200,"srcset":"https:\/\/i0.wp.com\/r-mboutique.com\/wp-content\/uploads\/2023\/12\/img_9092.jpeg?fit=1200%2C1200&ssl=1&resize=350%2C200 1x, https:\/\/i0.wp.com\/r-mboutique.com\/wp-content\/uploads\/2023\/12\/img_9092.jpeg?fit=1200%2C1200&ssl=1&resize=525%2C300 1.5x, https:\/\/i0.wp.com\/r-mboutique.com\/wp-content\/uploads\/2023\/12\/img_9092.jpeg?fit=1200%2C1200&ssl=1&resize=700%2C400 2x, https:\/\/i0.wp.com\/r-mboutique.com\/wp-content\/uploads\/2023\/12\/img_9092.jpeg?fit=1200%2C1200&ssl=1&resize=1050%2C600 3x"},"classes":[]},{"id":8245,"url":"https:\/\/r-mboutique.com\/index.php\/product\/casio-retro-vintage-a168wg-9w\/","url_meta":{"origin":5734,"position":3},"title":"Casio r\u00e9tro Vintage A168WG-9W","author":"Ramzi Merabtine","date":"12\/26\/2023","format":false,"excerpt":"la fusion de la nostalgie r\u00e9tro et du style de la mode. Bien plus qu\u2019une simple d\u00e9claration de mode, cette montre offre des fonctions pratiques telles que le chronom\u00e8tre et l\u2019alarme, ainsi que l\u2019\u00e9tanch\u00e9it\u00e9 pour une utilisation quotidienne afin de vous lib\u00e9rer de toute inqui\u00e9tude, m\u00eame les jours de pluie.\u2026","rel":"","context":"Article similaire","block_context":{"text":"Article similaire","link":""},"img":{"alt_text":"","src":"https:\/\/i0.wp.com\/r-mboutique.com\/wp-content\/uploads\/2023\/12\/img_9112.jpeg?fit=1200%2C1200&ssl=1&resize=350%2C200","width":350,"height":200,"srcset":"https:\/\/i0.wp.com\/r-mboutique.com\/wp-content\/uploads\/2023\/12\/img_9112.jpeg?fit=1200%2C1200&ssl=1&resize=350%2C200 1x, https:\/\/i0.wp.com\/r-mboutique.com\/wp-content\/uploads\/2023\/12\/img_9112.jpeg?fit=1200%2C1200&ssl=1&resize=525%2C300 1.5x, https:\/\/i0.wp.com\/r-mboutique.com\/wp-content\/uploads\/2023\/12\/img_9112.jpeg?fit=1200%2C1200&ssl=1&resize=700%2C400 2x, https:\/\/i0.wp.com\/r-mboutique.com\/wp-content\/uploads\/2023\/12\/img_9112.jpeg?fit=1200%2C1200&ssl=1&resize=1050%2C600 3x"},"classes":[]},{"id":7622,"url":"https:\/\/r-mboutique.com\/index.php\/product\/casio-retro-vintage-a168werg-2a\/","url_meta":{"origin":5734,"position":4},"title":"Casio r\u00e9tro Vintage A168WERG-2A","author":"Ramzi Merabtine","date":"08\/21\/2023","format":false,"excerpt":"la fusion de la nostalgie r\u00e9tro et du style de la mode avec un cadran de montre aux teintes d\u00e9grad\u00e9es. Bien plus qu'une simple d\u00e9claration de mode, cette montre offre des fonctions pratiques telles que le chronom\u00e8tre et l'alarme, ainsi que l'\u00e9tanch\u00e9it\u00e9 pour une utilisation quotidienne afin de vous lib\u00e9rer\u2026","rel":"","context":"Article similaire","block_context":{"text":"Article similaire","link":""},"img":{"alt_text":"","src":"https:\/\/i0.wp.com\/r-mboutique.com\/wp-content\/uploads\/2023\/08\/img_5399.jpeg?fit=1079%2C1079&ssl=1&resize=350%2C200","width":350,"height":200,"srcset":"https:\/\/i0.wp.com\/r-mboutique.com\/wp-content\/uploads\/2023\/08\/img_5399.jpeg?fit=1079%2C1079&ssl=1&resize=350%2C200 1x, https:\/\/i0.wp.com\/r-mboutique.com\/wp-content\/uploads\/2023\/08\/img_5399.jpeg?fit=1079%2C1079&ssl=1&resize=525%2C300 1.5x, https:\/\/i0.wp.com\/r-mboutique.com\/wp-content\/uploads\/2023\/08\/img_5399.jpeg?fit=1079%2C1079&ssl=1&resize=700%2C400 2x, https:\/\/i0.wp.com\/r-mboutique.com\/wp-content\/uploads\/2023\/08\/img_5399.jpeg?fit=1079%2C1079&ssl=1&resize=1050%2C600 3x"},"classes":[]},{"id":7632,"url":"https:\/\/r-mboutique.com\/index.php\/product\/casio-retro-vintage-a168werb-2a\/","url_meta":{"origin":5734,"position":5},"title":"Casio r\u00e9tro Vintage A168WERB-2A","author":"Ramzi Merabtine","date":"08\/21\/2023","format":false,"excerpt":"la fusion de la nostalgie r\u00e9tro et du style de la mode avec un cadran de montre aux teintes d\u00e9grad\u00e9es. Bien plus qu\u2019une simple d\u00e9claration de mode, cette montre offre des fonctions pratiques telles que le chronom\u00e8tre et l\u2019alarme, ainsi que l\u2019\u00e9tanch\u00e9it\u00e9 pour une utilisation quotidienne afin de vous lib\u00e9rer\u2026","rel":"","context":"Article similaire","block_context":{"text":"Article similaire","link":""},"img":{"alt_text":"","src":"https:\/\/i0.wp.com\/r-mboutique.com\/wp-content\/uploads\/2023\/08\/img_5405.jpeg?fit=1078%2C1078&ssl=1&resize=350%2C200","width":350,"height":200,"srcset":"https:\/\/i0.wp.com\/r-mboutique.com\/wp-content\/uploads\/2023\/08\/img_5405.jpeg?fit=1078%2C1078&ssl=1&resize=350%2C200 1x, https:\/\/i0.wp.com\/r-mboutique.com\/wp-content\/uploads\/2023\/08\/img_5405.jpeg?fit=1078%2C1078&ssl=1&resize=525%2C300 1.5x, https:\/\/i0.wp.com\/r-mboutique.com\/wp-content\/uploads\/2023\/08\/img_5405.jpeg?fit=1078%2C1078&ssl=1&resize=700%2C400 2x, https:\/\/i0.wp.com\/r-mboutique.com\/wp-content\/uploads\/2023\/08\/img_5405.jpeg?fit=1078%2C1078&ssl=1&resize=1050%2C600 3x"},"classes":[]}],"_links":{"self":[{"href":"https:\/\/r-mboutique.com\/index.php\/wp-json\/wp\/v2\/product\/5734"}],"collection":[{"href":"https:\/\/r-mboutique.com\/index.php\/wp-json\/wp\/v2\/product"}],"about":[{"href":"https:\/\/r-mboutique.com\/index.php\/wp-json\/wp\/v2\/types\/product"}],"replies":[{"embeddable":true,"href":"https:\/\/r-mboutique.com\/index.php\/wp-json\/wp\/v2\/comments?post=5734"}],"wp:featuredmedia":[{"embeddable":true,"href":"https:\/\/r-mboutique.com\/index.php\/wp-json\/wp\/v2\/media\/5733"}],"wp:attachment":[{"href":"https:\/\/r-mboutique.com\/index.php\/wp-json\/wp\/v2\/media?parent=5734"}],"wp:term":[{"taxonomy":"product_cat","embeddable":true,"href":"https:\/\/r-mboutique.com\/index.php\/wp-json\/wp\/v2\/product_cat?post=5734"},{"taxonomy":"product_tag","embeddable":true,"href":"https:\/\/r-mboutique.com\/index.php\/wp-json\/wp\/v2\/product_tag?post=5734"}],"curies":[{"name":"wp","href":"https:\/\/api.w.org\/{rel}","templated":true}]}}