{"id":7500,"date":"2023-07-24T11:13:17","date_gmt":"2023-07-24T10:13:17","guid":{"rendered":"https:\/\/r-mboutique.com\/index.php\/product\/casio-edgy-lw-204-1a\/"},"modified":"2025-09-18T06:25:08","modified_gmt":"2025-09-18T05:25:08","slug":"casio-edgy-lw-204-1a","status":"publish","type":"product","link":"https:\/\/r-mboutique.com\/index.php\/product\/casio-edgy-lw-204-1a\/","title":{"rendered":"Casio Edgy LW-204-1A"},"content":{"rendered":"<p><span>\u2022 \u00c9tanch\u00e9it\u00e9 jusqu&#8217;\u00e0 50 m\u00e8tres \u2022 Chronom\u00e8tre \u00e0 1\/100e de seconde \u2022 Alarme quotidienne \u2022 R\u00e9tro\u00e9clairage LED \u2022 Style sportif et d\u00e9contract\u00e9<\/span><\/p>\n<div class=\"p-product_detail-spec-accordion__item\" data-cmp-hook-accordion=\"item\"><strong>Informations de base :<\/strong><\/p>\n<div data-cmp-hook-accordion=\"panel\" class=\"p-product_detail-spec-accordion__panel p-product_detail-spec-accordion__panel--hidden\" aria-hidden=\"false\" style=\"overflow: hidden;height: 440px\">\n<ul class=\"p-product_detail-spec-accordion__panel-inner\" style=\"margin: 0px auto 0px 0px;padding-left: 0px;width: 386.9375px;flex-flow: column wrap;justify-content: space-between;padding-bottom: 5px\">\n<li class=\"p-product_detail-spec-accordion__panel-item\" style=\"margin-left: auto;list-style-type: none;width: 321.15625px;border-top-width: medium;border-top-style: none;border-top-color: currentcolor;padding: 8.046875px 0px;margin-right: auto\">\n<div class=\"p-product_detail-spec-accordion__panel-item-ttl\" style=\"font-size: 3.2vw;margin-bottom: 10px;align-content: center\">\n<h4 style=\"margin: 0px;padding: 0px;line-height: 1.5\">Taille du bo\u00eetier (L\u00d7 l\u00d7 H)<\/h4>\n<\/div>\n<\/li>\n<li class=\"p-product_detail-spec-accordion__panel-item\" style=\"margin-left: auto;list-style-type: none;width: 321.15625px;border-top-width: medium;border-top-style: none;border-top-color: currentcolor;padding: 8.046875px 0px;margin-right: auto\">\n<div class=\"p-product_detail-spec-accordion__panel-item-cont\" style=\"font-size: 3.2vw;font-weight: 700\"><strong>38.9 \u00d7 35 \u00d7 9.4 mm<\/strong><\/div>\n<\/li>\n<li class=\"p-product_detail-spec-accordion__panel-item\" style=\"margin-left: auto;list-style-type: none;width: 321.15625px;border-top-width: 1px;border-top-style: solid;padding: 8.046875px 0px;margin-right: auto\">\n<div class=\"p-product_detail-spec-accordion__panel-item-ttl\" style=\"font-size: 3.2vw;margin-bottom: 10px;align-content: center\">\n<h4 style=\"margin: 0px;padding: 0px;line-height: 1.5\">Poids<\/h4>\n<\/div>\n<\/li>\n<li class=\"p-product_detail-spec-accordion__panel-item\" style=\"margin-left: auto;list-style-type: none;width: 321.15625px;border-top-width: 1px;border-top-style: solid;padding: 8.046875px 0px;margin-right: auto\">\n<div class=\"p-product_detail-spec-accordion__panel-item-cont\" style=\"font-size: 3.2vw;font-weight: 700\"><strong>24 g<\/strong><\/div>\n<\/li>\n<li class=\"p-product_detail-spec-accordion__panel-item\" style=\"margin-left: auto;list-style-type: none;width: 321.15625px;border-top-width: 1px;border-top-style: solid;padding: 8.046875px 0px;margin-right: auto\">\n<div class=\"p-product_detail-spec-accordion__panel-item-ttl\" style=\"font-size: 3.2vw;margin-bottom: 10px;align-content: center\">\n<h4 style=\"margin: 0px;padding: 0px;line-height: 1.5\">Mat\u00e9riau du bo\u00eetier et du cadre<\/h4>\n<\/div>\n<\/li>\n<li class=\"p-product_detail-spec-accordion__panel-item\" style=\"margin-left: auto;list-style-type: none;width: 321.15625px;border-top-width: 1px;border-top-style: solid;padding: 8.046875px 0px;margin-right: auto\">\n<div class=\"p-product_detail-spec-accordion__panel-item-cont\" style=\"font-size: 3.2vw;font-weight: 700\"><strong>R\u00e9sine<\/strong><\/div>\n<\/li>\n<li class=\"p-product_detail-spec-accordion__panel-item\" style=\"margin-left: auto;list-style-type: none;width: 321.15625px;border-top-width: 1px;border-top-style: solid;padding: 8.046875px 0px;margin-right: auto\">\n<div class=\"p-product_detail-spec-accordion__panel-item-ttl\" style=\"font-size: 3.2vw;margin-bottom: 10px;align-content: center\">\n<h4 style=\"margin: 0px;padding: 0px;line-height: 1.5\">Bracelet<\/h4>\n<\/div>\n<\/li>\n<li class=\"p-product_detail-spec-accordion__panel-item\" style=\"margin-left: auto;list-style-type: none;width: 321.15625px;border-top-width: 1px;border-top-style: solid;padding: 8.046875px 0px;margin-right: auto\">\n<div class=\"p-product_detail-spec-accordion__panel-item-cont\" style=\"font-size: 3.2vw;font-weight: 700\"><strong>Bracelet en r\u00e9sine<\/strong><\/div>\n<\/li>\n<li class=\"p-product_detail-spec-accordion__panel-item\" style=\"margin-left: auto;list-style-type: none;width: 321.15625px;border-top-width: 1px;border-top-style: solid;padding: 8.046875px 0px;margin-right: auto\">\n<div class=\"p-product_detail-spec-accordion__panel-item-ttl\" style=\"font-size: 3.2vw;margin-bottom: 10px;align-content: center\">\n<h4 style=\"margin: 0px;padding: 0px;line-height: 1.5\">\u00c9tanch\u00e9it\u00e9<\/h4>\n<\/div>\n<\/li>\n<li class=\"p-product_detail-spec-accordion__panel-item\" style=\"margin-left: auto;list-style-type: none;width: 321.15625px;border-top-width: 1px;border-top-style: solid;padding: 8.046875px 0px;margin-right: auto\">\n<div class=\"p-product_detail-spec-accordion__panel-item-cont\" style=\"font-size: 3.2vw;font-weight: 700\"><strong>\u00c9tanch\u00e9it\u00e9 \u00e0 5 bar<\/strong><\/div>\n<\/li>\n<li class=\"p-product_detail-spec-accordion__panel-item\" style=\"margin-left: auto;list-style-type: none;width: 321.15625px;border-top-width: 1px;border-top-style: solid;padding: 8.046875px 0px;margin-right: auto\">\n<div class=\"p-product_detail-spec-accordion__panel-item-ttl\" style=\"font-size: 3.2vw;margin-bottom: 10px;align-content: center\">\n<h4 style=\"margin: 0px;padding: 0px;line-height: 1.5\">Alimentation et autonomie de la batterie<\/h4>\n<\/div>\n<\/li>\n<li class=\"p-product_detail-spec-accordion__panel-item\" style=\"margin-left: auto;list-style-type: none;width: 321.15625px;border-top-width: 1px;border-top-style: solid;padding: 8.046875px 0px;margin-right: auto\">\n<div class=\"p-product_detail-spec-accordion__panel-item-cont\" style=\"font-size: 3.2vw;font-weight: 700\"><strong>Autonomie approximative de la batterie&nbsp;: 3&nbsp;ans sur CR2016<\/strong><\/div>\n<\/li>\n<\/ul>\n<\/div>\n<\/div>\n<p><strong>Ext\u00e9rieur :<\/strong><\/p>\n<div class=\"p-product_detail-spec-accordion__item\" data-cmp-hook-accordion=\"item\">\n<div data-cmp-hook-accordion=\"panel\" class=\"p-product_detail-spec-accordion__panel p-product_detail-spec-accordion__panel--hidden\" aria-hidden=\"false\" style=\"overflow: hidden;height: 73px\">\n<ul class=\"p-product_detail-spec-accordion__panel-inner\" style=\"margin: 0px auto 0px 0px;padding-left: 0px;width: 386.9375px;flex-flow: column wrap;justify-content: space-between;padding-bottom: 5px\">\n<li class=\"p-product_detail-spec-accordion__panel-item\" style=\"margin-left: auto;list-style-type: none;width: 321.15625px;border-top-width: medium;border-top-style: none;border-top-color: currentcolor;padding: 8.046875px 0px;margin-right: auto\">\n<div class=\"p-product_detail-spec-accordion__panel-item-ttl\" style=\"font-size: 3.2vw;margin-bottom: 10px;align-content: center\">\n<h4 style=\"margin: 0px;padding: 0px;line-height: 1.5\">Verre<\/h4>\n<\/div>\n<\/li>\n<li class=\"p-product_detail-spec-accordion__panel-item\" style=\"margin-left: auto;list-style-type: none;width: 321.15625px;border-top-width: medium;border-top-style: none;border-top-color: currentcolor;padding: 8.046875px 0px;margin-right: auto\">\n<div class=\"p-product_detail-spec-accordion__panel-item-cont\" style=\"font-size: 3.2vw;font-weight: 700\"><strong>Verre en r\u00e9sine<\/strong><\/div>\n<\/li>\n<\/ul>\n<\/div>\n<\/div>\n<p><strong>Fonctions de la montre :<\/strong><\/p>\n<div class=\"p-product_detail-spec-accordion__item\" data-cmp-hook-accordion=\"item\">\n<div data-cmp-hook-accordion=\"panel\" class=\"p-product_detail-spec-accordion__panel p-product_detail-spec-accordion__panel--hidden\" aria-hidden=\"false\" style=\"overflow: hidden;height: 1046px\">\n<ul class=\"p-product_detail-spec-accordion__panel-inner\" style=\"margin: 0px auto 0px 0px;padding-left: 0px;width: 386.9375px;flex-flow: column wrap;justify-content: space-between;padding-bottom: 5px\">\n<li class=\"p-product_detail-spec-accordion__panel-item\" style=\"margin-left: auto;list-style-type: none;width: 321.15625px;border-top-width: medium;border-top-style: none;border-top-color: currentcolor;padding: 8.046875px 0px;margin-right: auto\">\n<div class=\"p-product_detail-spec-accordion__panel-item-ttl\" style=\"font-size: 3.2vw;margin-bottom: 10px;align-content: center\">\n<h4 style=\"margin: 0px;padding: 0px;line-height: 1.5\">Chronom\u00e8tre<\/h4>\n<\/div>\n<\/li>\n<li class=\"p-product_detail-spec-accordion__panel-item\" style=\"margin-left: auto;list-style-type: none;width: 321.15625px;border-top-width: medium;border-top-style: none;border-top-color: currentcolor;padding: 8.046875px 0px;margin-right: auto\">\n<div class=\"p-product_detail-spec-accordion__panel-item-cont\" style=\"font-size: 3.2vw;font-weight: 700\"><strong>Chronom\u00e8tre \u00e0 1\/100e de seconde<br \/>\nCapacit\u00e9 de mesure&nbsp;: 00&#8217;00&#8221;00~59&#8217;59&#8221;99 (pendant les 60&nbsp;premi\u00e8res minutes)<br \/>\n1:00&#8217;00~23:59&#8217;59 (apr\u00e8s 60&nbsp;minutes)<br \/>\nUnit\u00e9 de mesure&nbsp;: 1\/100e de seconde (pendant les 60&nbsp;premi\u00e8res minutes)<br \/>\n1&nbsp;seconde (apr\u00e8s 60&nbsp;minutes)<br \/>\nModes de mesure&nbsp;: Temps \u00e9coul\u00e9, temps interm\u00e9diaire, temps des 1re et 2e&nbsp;places<\/strong><\/div>\n<\/li>\n<li class=\"p-product_detail-spec-accordion__panel-item\" style=\"margin-left: auto;list-style-type: none;width: 321.15625px;border-top-width: 1px;border-top-style: solid;padding: 8.046875px 0px;margin-right: auto\">\n<div class=\"p-product_detail-spec-accordion__panel-item-ttl\" style=\"font-size: 3.2vw;margin-bottom: 10px;align-content: center\">\n<h4 style=\"margin: 0px;padding: 0px;line-height: 1.5\">Timer (Retardateur)<\/h4>\n<\/div>\n<\/li>\n<li class=\"p-product_detail-spec-accordion__panel-item\" style=\"margin-left: auto;list-style-type: none;width: 321.15625px;border-top-width: 1px;border-top-style: solid;padding: 8.046875px 0px;margin-right: auto\">\n<div class=\"p-product_detail-spec-accordion__panel-item-cont\" style=\"font-size: 3.2vw;font-weight: 700\"><strong>Unit\u00e9 de mesure de la minuterie du compte \u00e0 rebours&nbsp;: 1&nbsp;seconde Plage de compte \u00e0 rebours&nbsp;: 24&nbsp;heures Plage de r\u00e9glage de l&#8217;heure de d\u00e9marrage du compte \u00e0 rebours&nbsp;: 1&nbsp;seconde \u00e0 24&nbsp;heures (incr\u00e9ments de 1&nbsp;seconde, 1&nbsp;minute et 1&nbsp;heure) Autre&nbsp;: R\u00e9p\u00e9tition automatique<\/strong><\/div>\n<\/li>\n<li class=\"p-product_detail-spec-accordion__panel-item\" style=\"margin-left: auto;list-style-type: none;width: 321.15625px;border-top-width: 1px;border-top-style: solid;padding: 8.046875px 0px;margin-right: auto\">\n<div class=\"p-product_detail-spec-accordion__panel-item-ttl\" style=\"font-size: 3.2vw;margin-bottom: 10px;align-content: center\">\n<h4 style=\"margin: 0px;padding: 0px;line-height: 1.5\">Signal d&#8217;alarme\/des heures<\/h4>\n<\/div>\n<\/li>\n<li class=\"p-product_detail-spec-accordion__panel-item\" style=\"margin-left: auto;list-style-type: none;width: 321.15625px;border-top-width: 1px;border-top-style: solid;padding: 8.046875px 0px;margin-right: auto\">\n<div class=\"p-product_detail-spec-accordion__panel-item-cont\" style=\"font-size: 3.2vw;font-weight: 700\"><strong>Signal des heures<\/strong><\/div>\n<\/li>\n<li class=\"p-product_detail-spec-accordion__panel-item\" style=\"margin-left: auto;list-style-type: none;width: 321.15625px;border-top-width: 1px;border-top-style: solid;padding: 8.046875px 0px;margin-right: auto\">\n<div class=\"p-product_detail-spec-accordion__panel-item-cont\" style=\"font-size: 3.2vw;font-weight: 700\"><strong>Alarme multifonction<\/strong><\/div>\n<\/li>\n<li class=\"p-product_detail-spec-accordion__panel-item\" style=\"margin-left: auto;list-style-type: none;width: 321.15625px;border-top-width: 1px;border-top-style: solid;padding: 8.046875px 0px;margin-right: auto\">\n<div class=\"p-product_detail-spec-accordion__panel-item-ttl\" style=\"font-size: 3.2vw;margin-bottom: 10px;align-content: center\">\n<h4 style=\"margin: 0px;padding: 0px;line-height: 1.5\">Fonction d&#8217;alerte par flash<\/h4>\n<\/div>\n<\/li>\n<li class=\"p-product_detail-spec-accordion__panel-item\" style=\"margin-left: auto;list-style-type: none;width: 321.15625px;border-top-width: 1px;border-top-style: solid;padding: 8.046875px 0px;margin-right: auto\">\n<div class=\"p-product_detail-spec-accordion__panel-item-cont\" style=\"font-size: 3.2vw;font-weight: 700\"><strong>Alerte par flash Clignotements avec avertisseur sonore qui retentit pour les alarmes, signal des heures<\/strong><\/div>\n<\/li>\n<li class=\"p-product_detail-spec-accordion__panel-item\" style=\"margin-left: auto;list-style-type: none;width: 321.15625px;border-top-width: 1px;border-top-style: solid;padding: 8.046875px 0px;margin-right: auto\">\n<div class=\"p-product_detail-spec-accordion__panel-item-ttl\" style=\"font-size: 3.2vw;margin-bottom: 10px;align-content: center\">\n<h4 style=\"margin: 0px;padding: 0px;line-height: 1.5\">\u00c9clairage<\/h4>\n<\/div>\n<\/li>\n<li class=\"p-product_detail-spec-accordion__panel-item\" style=\"margin-left: auto;list-style-type: none;width: 321.15625px;border-top-width: 1px;border-top-style: solid;padding: 8.046875px 0px;margin-right: auto\">\n<div class=\"p-product_detail-spec-accordion__panel-item-cont\" style=\"font-size: 3.2vw;font-weight: 700\"><strong>R\u00e9tro\u00e9clairage LED, r\u00e9manence<\/strong><\/div>\n<\/li>\n<li class=\"p-product_detail-spec-accordion__panel-item\" style=\"margin-left: auto;list-style-type: none;width: 321.15625px;border-top-width: 1px;border-top-style: solid;padding: 8.046875px 0px;margin-right: auto\">\n<div class=\"p-product_detail-spec-accordion__panel-item-ttl\" style=\"font-size: 3.2vw;margin-bottom: 10px;align-content: center\">\n<h4 style=\"margin: 0px;padding: 0px;line-height: 1.5\">Couleur de la lumi\u00e8re<\/h4>\n<\/div>\n<\/li>\n<li class=\"p-product_detail-spec-accordion__panel-item\" style=\"margin-left: auto;list-style-type: none;width: 321.15625px;border-top-width: 1px;border-top-style: solid;padding: 8.046875px 0px;margin-right: auto\">\n<div class=\"p-product_detail-spec-accordion__panel-item-cont\" style=\"font-size: 3.2vw;font-weight: 700\"><strong>LED&nbsp;: orange<\/strong><\/div>\n<\/li>\n<li class=\"p-product_detail-spec-accordion__panel-item\" style=\"margin-left: auto;list-style-type: none;width: 321.15625px;border-top-width: 1px;border-top-style: solid;padding: 8.046875px 0px;margin-right: auto\">\n<div class=\"p-product_detail-spec-accordion__panel-item-ttl\" style=\"font-size: 3.2vw;margin-bottom: 10px;align-content: center\">\n<h4 style=\"margin: 0px;padding: 0px;line-height: 1.5\">Calendrier<\/h4>\n<\/div>\n<\/li>\n<li class=\"p-product_detail-spec-accordion__panel-item\" style=\"margin-left: auto;list-style-type: none;width: 321.15625px;border-top-width: 1px;border-top-style: solid;padding: 8.046875px 0px;margin-right: auto\">\n<div class=\"p-product_detail-spec-accordion__panel-item-cont\" style=\"font-size: 3.2vw;font-weight: 700\"><strong>Calendrier automatique complet (jusqu&#8217;\u00e0 l&#8217;ann\u00e9e&nbsp;2039)<\/strong><\/div>\n<\/li>\n<li class=\"p-product_detail-spec-accordion__panel-item\" style=\"margin-left: auto;list-style-type: none;width: 321.15625px;border-top-width: 1px;border-top-style: solid;padding: 8.046875px 0px;margin-right: auto\">\n<div class=\"p-product_detail-spec-accordion__panel-item-ttl\" style=\"font-size: 3.2vw;margin-bottom: 10px;align-content: center\">\n<h4 style=\"margin: 0px;padding: 0px;line-height: 1.5\">Pr\u00e9cision<\/h4>\n<\/div>\n<\/li>\n<li class=\"p-product_detail-spec-accordion__panel-item\" style=\"margin-left: auto;list-style-type: none;width: 321.15625px;border-top-width: 1px;border-top-style: solid;padding: 8.046875px 0px;margin-right: auto\">\n<div class=\"p-product_detail-spec-accordion__panel-item-cont\" style=\"font-size: 3.2vw;font-weight: 700\"><strong>Pr\u00e9cision&nbsp;: \u00b130&nbsp;secondes par mois<\/strong><\/div>\n<\/li>\n<li class=\"p-product_detail-spec-accordion__panel-item\" style=\"margin-left: auto;list-style-type: none;width: 321.15625px;border-top-width: 1px;border-top-style: solid;padding: 8.046875px 0px;margin-right: auto\">\n<div class=\"p-product_detail-spec-accordion__panel-item-ttl\" style=\"font-size: 3.2vw;margin-bottom: 10px;align-content: center\">\n<h4 style=\"margin: 0px;padding: 0px;line-height: 1.5\">Autres fonctions<\/h4>\n<\/div>\n<\/li>\n<li class=\"p-product_detail-spec-accordion__panel-item\" style=\"margin-left: auto;list-style-type: none;width: 321.15625px;border-top-width: 1px;border-top-style: solid;padding: 8.046875px 0px;margin-right: auto\">\n<div class=\"p-product_detail-spec-accordion__panel-item-cont\" style=\"font-size: 3.2vw;font-weight: 700\"><strong>Format 12\/24&nbsp;heures<\/strong><\/div>\n<\/li>\n<li class=\"p-product_detail-spec-accordion__panel-item\" style=\"margin-left: auto;list-style-type: none;width: 321.15625px;border-top-width: 1px;border-top-style: solid;padding: 8.046875px 0px;margin-right: auto\">\n<div class=\"p-product_detail-spec-accordion__panel-item-cont\" style=\"font-size: 3.2vw;font-weight: 700\"><strong>Indication de l&#8217;heure standard&nbsp;:<br \/>\nHeure, minute, seconde, format 12&nbsp;heures, mois, date, jour<\/strong><\/div>\n<\/li>\n<\/ul>\n<\/div>\n<\/div>\n","protected":false},"excerpt":{"rendered":"<p>\u2022 \u00c9tanch\u00e9it\u00e9 jusqu&#8217;\u00e0 50 m\u00e8tres \u2022 Chronom\u00e8tre \u00e0 1\/100e de seconde \u2022 Alarme quotidienne \u2022 R\u00e9tro\u00e9clairage LED \u2022 Style sportif<\/p>\n","protected":false},"featured_media":7498,"comment_status":"open","ping_status":"closed","template":"","meta":{"om_disable_all_campaigns":false},"product_cat":[37,46,26,30,28],"product_tag":[],"jetpack-related-posts":[{"id":7769,"url":"https:\/\/r-mboutique.com\/index.php\/product\/casio-lws-2200h-4av\/","url_meta":{"origin":7500,"position":0},"title":"Casio LWS-2200H-4AV","author":"Ramzi Merabtine","date":"08\/29\/2023","format":false,"excerpt":"Restez en phase et sur la bonne voie avec fonctionnalit\u00e9 et style. Prenez le contr\u00f4le avec le soutien dont vous avez besoin pour rester en bonne sant\u00e9 et g\u00e9rer votre exercice. Le tracker de pas compte automatiquement les pas d\u00e8s que vous commencez \u00e0 bouger, gr\u00e2ce \u00e0 l'acc\u00e9l\u00e9rom\u00e8tre \u00e0 3\u2026","rel":"","context":"Article similaire","block_context":{"text":"Article similaire","link":""},"img":{"alt_text":"","src":"https:\/\/i0.wp.com\/r-mboutique.com\/wp-content\/uploads\/2023\/08\/img_5821.jpeg?fit=1134%2C1134&ssl=1&resize=350%2C200","width":350,"height":200,"srcset":"https:\/\/i0.wp.com\/r-mboutique.com\/wp-content\/uploads\/2023\/08\/img_5821.jpeg?fit=1134%2C1134&ssl=1&resize=350%2C200 1x, https:\/\/i0.wp.com\/r-mboutique.com\/wp-content\/uploads\/2023\/08\/img_5821.jpeg?fit=1134%2C1134&ssl=1&resize=525%2C300 1.5x, https:\/\/i0.wp.com\/r-mboutique.com\/wp-content\/uploads\/2023\/08\/img_5821.jpeg?fit=1134%2C1134&ssl=1&resize=700%2C400 2x, https:\/\/i0.wp.com\/r-mboutique.com\/wp-content\/uploads\/2023\/08\/img_5821.jpeg?fit=1134%2C1134&ssl=1&resize=1050%2C600 3x"},"classes":[]},{"id":7773,"url":"https:\/\/r-mboutique.com\/index.php\/product\/casio-lws-2200h-8av\/","url_meta":{"origin":7500,"position":1},"title":"Casio LWS-2200H-8AV","author":"Ramzi Merabtine","date":"08\/29\/2023","format":false,"excerpt":"Restez en phase et sur la bonne voie avec fonctionnalit\u00e9 et style. Prenez le contr\u00f4le avec le soutien dont vous avez besoin pour rester en bonne sant\u00e9 et g\u00e9rer votre exercice. Le tracker de pas compte automatiquement les pas d\u00e8s que vous commencez \u00e0 bouger, gr\u00e2ce \u00e0 l\u2019acc\u00e9l\u00e9rom\u00e8tre \u00e0 3\u2026","rel":"","context":"Article similaire","block_context":{"text":"Article similaire","link":""},"img":{"alt_text":"","src":"https:\/\/i0.wp.com\/r-mboutique.com\/wp-content\/uploads\/2023\/08\/img_5822.jpeg?fit=1161%2C1161&ssl=1&resize=350%2C200","width":350,"height":200,"srcset":"https:\/\/i0.wp.com\/r-mboutique.com\/wp-content\/uploads\/2023\/08\/img_5822.jpeg?fit=1161%2C1161&ssl=1&resize=350%2C200 1x, https:\/\/i0.wp.com\/r-mboutique.com\/wp-content\/uploads\/2023\/08\/img_5822.jpeg?fit=1161%2C1161&ssl=1&resize=525%2C300 1.5x, https:\/\/i0.wp.com\/r-mboutique.com\/wp-content\/uploads\/2023\/08\/img_5822.jpeg?fit=1161%2C1161&ssl=1&resize=700%2C400 2x, https:\/\/i0.wp.com\/r-mboutique.com\/wp-content\/uploads\/2023\/08\/img_5822.jpeg?fit=1161%2C1161&ssl=1&resize=1050%2C600 3x"},"classes":[]},{"id":7646,"url":"https:\/\/r-mboutique.com\/index.php\/product\/casio-pop-lf-20w-8a\/","url_meta":{"origin":7500,"position":2},"title":"Casio POP LF-20W-8A","author":"Ramzi Merabtine","date":"08\/21\/2023","format":false,"excerpt":"Jouez la carte de l'originalit\u00e9 avec des mod\u00e8les charmants et intemporels, dot\u00e9s d'une horloge de type analogique et d'un affichage num\u00e9rique de l'heure. Gr\u00e2ce \u00e0 son confort compact et \u00e0 ses couleurs naturelles toujours \u00e0 la mode, cette montre s'adapte \u00e0 tous les poignets. Le bracelet est fabriqu\u00e9 en r\u00e9sine\u2026","rel":"","context":"Article similaire","block_context":{"text":"Article similaire","link":""},"img":{"alt_text":"","src":"https:\/\/i0.wp.com\/r-mboutique.com\/wp-content\/uploads\/2023\/08\/img_5415.jpeg?fit=980%2C980&ssl=1&resize=350%2C200","width":350,"height":200,"srcset":"https:\/\/i0.wp.com\/r-mboutique.com\/wp-content\/uploads\/2023\/08\/img_5415.jpeg?fit=980%2C980&ssl=1&resize=350%2C200 1x, https:\/\/i0.wp.com\/r-mboutique.com\/wp-content\/uploads\/2023\/08\/img_5415.jpeg?fit=980%2C980&ssl=1&resize=525%2C300 1.5x, https:\/\/i0.wp.com\/r-mboutique.com\/wp-content\/uploads\/2023\/08\/img_5415.jpeg?fit=980%2C980&ssl=1&resize=700%2C400 2x"},"classes":[]},{"id":2333,"url":"https:\/\/r-mboutique.com\/index.php\/product\/casio-edgy-vintage\/","url_meta":{"origin":7500,"position":3},"title":"Casio Edgy Vintage B640WB-1A","author":"Ramzi Merabtine","date":"10\/14\/2021","format":false,"excerpt":"D\u00c9TAILS \/ SP\u00c9CIFICATIONS Alarme multiple, bip horaire Vous pouvez programmer une alarme quotidienne (r\u00e9glage de l'heure uniquement) ou une alarme pour un jour et une heure sp\u00e9cifiques (r\u00e9glage du mois, du jour et de l'heure). La valeur indiqu\u00e9e correspond au nombre d'alarmes multiples disponibles. Si la fonction de bip horaire\u2026","rel":"","context":"Article similaire","block_context":{"text":"Article similaire","link":""},"img":{"alt_text":"","src":"https:\/\/i0.wp.com\/r-mboutique.com\/wp-content\/uploads\/2021\/10\/img_3686.jpeg?fit=500%2C500&ssl=1&resize=350%2C200","width":350,"height":200},"classes":[]},{"id":7583,"url":"https:\/\/r-mboutique.com\/index.php\/product\/casio-edgy-vintage-b640wcg-5\/","url_meta":{"origin":7500,"position":4},"title":"Casio Edgy Vintage B640WCG-5","author":"Ramzi Merabtine","date":"08\/09\/2023","format":false,"excerpt":"D\u00c9TAILS \/ SP\u00c9CIFICATIONS Alarme multiple, bip horaire Vous pouvez programmer une alarme quotidienne (r\u00e9glage de l\u2019heure uniquement) ou une alarme pour un jour et une heure sp\u00e9cifiques (r\u00e9glage du mois, du jour et de l\u2019heure). La valeur indiqu\u00e9e correspond au nombre d\u2019alarmes multiples disponibles. Si la fonction de bip horaire\u2026","rel":"","context":"Article similaire","block_context":{"text":"Article similaire","link":""},"img":{"alt_text":"","src":"https:\/\/i0.wp.com\/r-mboutique.com\/wp-content\/uploads\/2023\/08\/img_5213.jpeg?fit=525%2C525&ssl=1&resize=350%2C200","width":350,"height":200,"srcset":"https:\/\/i0.wp.com\/r-mboutique.com\/wp-content\/uploads\/2023\/08\/img_5213.jpeg?fit=525%2C525&ssl=1&resize=350%2C200 1x, https:\/\/i0.wp.com\/r-mboutique.com\/wp-content\/uploads\/2023\/08\/img_5213.jpeg?fit=525%2C525&ssl=1&resize=525%2C300 1.5x"},"classes":[]},{"id":2418,"url":"https:\/\/r-mboutique.com\/index.php\/product\/festina-boyfriend-f16790-a\/","url_meta":{"origin":7500,"position":5},"title":"Festina Boyfriend F16790\/A","author":"Ramzi Merabtine","date":"11\/01\/2021","format":false,"excerpt":"Cette montre Festina \u00e0 un bo\u00eetier en acier inoxydable avec un diam\u00e8tre de 36mm et poss\u00e8de un bracelet en m\u00e9tal. Le bo\u00eetier de la montre contient un mouvement et un cristal min\u00e9ral. La montre est \u00e9tanche \u00e0 5ATM. Cela signifie que la montre est \u00e9tanche pour nager. La montre est\u2026","rel":"","context":"Article similaire","block_context":{"text":"Article similaire","link":""},"img":{"alt_text":"","src":"https:\/\/i0.wp.com\/r-mboutique.com\/wp-content\/uploads\/2021\/11\/img_3988.png?fit=548%2C548&ssl=1&resize=350%2C200","width":350,"height":200,"srcset":"https:\/\/i0.wp.com\/r-mboutique.com\/wp-content\/uploads\/2021\/11\/img_3988.png?fit=548%2C548&ssl=1&resize=350%2C200 1x, https:\/\/i0.wp.com\/r-mboutique.com\/wp-content\/uploads\/2021\/11\/img_3988.png?fit=548%2C548&ssl=1&resize=525%2C300 1.5x"},"classes":[]}],"_links":{"self":[{"href":"https:\/\/r-mboutique.com\/index.php\/wp-json\/wp\/v2\/product\/7500"}],"collection":[{"href":"https:\/\/r-mboutique.com\/index.php\/wp-json\/wp\/v2\/product"}],"about":[{"href":"https:\/\/r-mboutique.com\/index.php\/wp-json\/wp\/v2\/types\/product"}],"replies":[{"embeddable":true,"href":"https:\/\/r-mboutique.com\/index.php\/wp-json\/wp\/v2\/comments?post=7500"}],"wp:featuredmedia":[{"embeddable":true,"href":"https:\/\/r-mboutique.com\/index.php\/wp-json\/wp\/v2\/media\/7498"}],"wp:attachment":[{"href":"https:\/\/r-mboutique.com\/index.php\/wp-json\/wp\/v2\/media?parent=7500"}],"wp:term":[{"taxonomy":"product_cat","embeddable":true,"href":"https:\/\/r-mboutique.com\/index.php\/wp-json\/wp\/v2\/product_cat?post=7500"},{"taxonomy":"product_tag","embeddable":true,"href":"https:\/\/r-mboutique.com\/index.php\/wp-json\/wp\/v2\/product_tag?post=7500"}],"curies":[{"name":"wp","href":"https:\/\/api.w.org\/{rel}","templated":true}]}}