{"id":7566,"date":"2023-08-06T20:29:58","date_gmt":"2023-08-06T19:29:58","guid":{"rendered":"https:\/\/r-mboutique.com\/index.php\/product\/casio-mtp-e715l-5av\/"},"modified":"2025-09-18T06:24:37","modified_gmt":"2025-09-18T05:24:37","slug":"casio-mtp-e715l-5av","status":"publish","type":"product","link":"https:\/\/r-mboutique.com\/index.php\/product\/casio-mtp-e715l-5av\/","title":{"rendered":"Casio MTP-E715L-5AV"},"content":{"rendered":"<p><span style=\"font-family: din-2014,\">La batterie de 10 ans, la r\u00e9sistance \u00e0 l&#8217;eau jusqu&#8217;\u00e0 50 m\u00e8tres et l&#8217;affichage pratique de la date vous permettent de vous concentrer sur ce que vous aimez faire.<\/span><\/p>\n<p>Informations de base<\/p>\n<p>Taille du bo\u00eetier (L \u00d7 L \u00d7 H) : 48 \u00d7 43,4 \u00d7 8,8 mm<\/p>\n<p>Lester : 67 g<\/p>\n<p>Mat\u00e9riau du bo\u00eetier\/lunette : Acier inoxydable<\/p>\n<p>Bracelet en cuir v\u00e9ritable<\/p>\n<p>R\u00e9sistance \u00e0 l&#8217;eau de 50 m\u00e8tres<\/p>\n<p>autonomie de la pile : 10 ans sur CR2012<\/p>\n<p>Ext\u00e9rieur<\/p>\n<p>verre min\u00e9ral<\/p>\n<p>Bo\u00eetier plaqu\u00e9 ion noir<\/p>\n<p>Taille de bande compatible : 175 \u00e0 215 mm<\/p>\n<p>Caract\u00e9ristiques de la montre<\/p>\n<p>Pr\u00e9cision : \u00b120 secondes par mois<\/p>\n<p>Autres caract\u00e9ristiques<\/p>\n<p>Chronom\u00e9trage r\u00e9gulier : Analogique : 3 aiguilles (heure, minute, seconde)<\/p>\n<p>Affichage de la date<\/p>\n","protected":false},"excerpt":{"rendered":"<p>La batterie de 10 ans, la r\u00e9sistance \u00e0 l&#8217;eau jusqu&#8217;\u00e0 50 m\u00e8tres et l&#8217;affichage pratique de la date vous permettent<\/p>\n","protected":false},"featured_media":7565,"comment_status":"open","ping_status":"closed","template":"","meta":{"om_disable_all_campaigns":false},"product_cat":[37,46,26,28],"product_tag":[],"jetpack-related-posts":[{"id":7574,"url":"https:\/\/r-mboutique.com\/index.php\/product\/casio-mtp-e715c-8av\/","url_meta":{"origin":7566,"position":0},"title":"Casio MTP-E715C-8AV","author":"Ramzi Merabtine","date":"08\/06\/2023","format":false,"excerpt":"La batterie de 10 ans, la r\u00e9sistance \u00e0 l\u2019eau jusqu\u2019\u00e0 50 m\u00e8tres et l\u2019affichage pratique de la date vous permettent de vous concentrer sur ce que vous aimez faire. Informations de base Taille du bo\u00eetier (L \u00d7 L \u00d7 H) : 48 \u00d7 43,4 \u00d7 8,8 mm Lester : 67\u2026","rel":"","context":"Article similaire","block_context":{"text":"Article similaire","link":""},"img":{"alt_text":"","src":"https:\/\/i0.wp.com\/r-mboutique.com\/wp-content\/uploads\/2023\/08\/img_5169.jpeg?fit=1092%2C1092&ssl=1&resize=350%2C200","width":350,"height":200,"srcset":"https:\/\/i0.wp.com\/r-mboutique.com\/wp-content\/uploads\/2023\/08\/img_5169.jpeg?fit=1092%2C1092&ssl=1&resize=350%2C200 1x, https:\/\/i0.wp.com\/r-mboutique.com\/wp-content\/uploads\/2023\/08\/img_5169.jpeg?fit=1092%2C1092&ssl=1&resize=525%2C300 1.5x, https:\/\/i0.wp.com\/r-mboutique.com\/wp-content\/uploads\/2023\/08\/img_5169.jpeg?fit=1092%2C1092&ssl=1&resize=700%2C400 2x, https:\/\/i0.wp.com\/r-mboutique.com\/wp-content\/uploads\/2023\/08\/img_5169.jpeg?fit=1092%2C1092&ssl=1&resize=1050%2C600 3x"},"classes":[]},{"id":7578,"url":"https:\/\/r-mboutique.com\/index.php\/product\/casio-mtp-e715c-3av\/","url_meta":{"origin":7566,"position":1},"title":"Casio MTP-E715C-3AV","author":"Ramzi Merabtine","date":"08\/06\/2023","format":false,"excerpt":"La batterie de 10 ans, la r\u00e9sistance \u00e0 l\u2019eau jusqu\u2019\u00e0 50 m\u00e8tres et l\u2019affichage pratique de la date vous permettent de vous concentrer sur ce que vous aimez faire. Informations de base Taille du bo\u00eetier (L \u00d7 L \u00d7 H) : 48 \u00d7 43,4 \u00d7 8,8 mm Lester : 67\u2026","rel":"","context":"Article similaire","block_context":{"text":"Article similaire","link":""},"img":{"alt_text":"","src":"https:\/\/i0.wp.com\/r-mboutique.com\/wp-content\/uploads\/2024\/01\/img_0008.jpeg?fit=1200%2C1200&ssl=1&resize=350%2C200","width":350,"height":200,"srcset":"https:\/\/i0.wp.com\/r-mboutique.com\/wp-content\/uploads\/2024\/01\/img_0008.jpeg?fit=1200%2C1200&ssl=1&resize=350%2C200 1x, https:\/\/i0.wp.com\/r-mboutique.com\/wp-content\/uploads\/2024\/01\/img_0008.jpeg?fit=1200%2C1200&ssl=1&resize=525%2C300 1.5x, https:\/\/i0.wp.com\/r-mboutique.com\/wp-content\/uploads\/2024\/01\/img_0008.jpeg?fit=1200%2C1200&ssl=1&resize=700%2C400 2x, https:\/\/i0.wp.com\/r-mboutique.com\/wp-content\/uploads\/2024\/01\/img_0008.jpeg?fit=1200%2C1200&ssl=1&resize=1050%2C600 3x"},"classes":[]},{"id":7570,"url":"https:\/\/r-mboutique.com\/index.php\/product\/casio-mtp-e715l-1av\/","url_meta":{"origin":7566,"position":2},"title":"Casio MTP-E715L-1AV","author":"Ramzi Merabtine","date":"08\/06\/2023","format":false,"excerpt":"La batterie de 10 ans, la r\u00e9sistance \u00e0 l\u2019eau jusqu\u2019\u00e0 50 m\u00e8tres et l\u2019affichage pratique de la date vous permettent de vous concentrer sur ce que vous aimez faire. Informations de base Taille du bo\u00eetier (L \u00d7 L \u00d7 H) : 48 \u00d7 43,4 \u00d7 8,8 mm Lester : 67\u2026","rel":"","context":"Article similaire","block_context":{"text":"Article similaire","link":""},"img":{"alt_text":"","src":"https:\/\/i0.wp.com\/r-mboutique.com\/wp-content\/uploads\/2023\/08\/img_5162.jpeg?fit=1097%2C1097&ssl=1&resize=350%2C200","width":350,"height":200,"srcset":"https:\/\/i0.wp.com\/r-mboutique.com\/wp-content\/uploads\/2023\/08\/img_5162.jpeg?fit=1097%2C1097&ssl=1&resize=350%2C200 1x, https:\/\/i0.wp.com\/r-mboutique.com\/wp-content\/uploads\/2023\/08\/img_5162.jpeg?fit=1097%2C1097&ssl=1&resize=525%2C300 1.5x, https:\/\/i0.wp.com\/r-mboutique.com\/wp-content\/uploads\/2023\/08\/img_5162.jpeg?fit=1097%2C1097&ssl=1&resize=700%2C400 2x, https:\/\/i0.wp.com\/r-mboutique.com\/wp-content\/uploads\/2023\/08\/img_5162.jpeg?fit=1097%2C1097&ssl=1&resize=1050%2C600 3x"},"classes":[]},{"id":1780,"url":"https:\/\/r-mboutique.com\/index.php\/product\/emporio-armani-ar80025\/","url_meta":{"origin":7566,"position":3},"title":"Emporio Armani Renato AR80025","author":"Ramzi Merabtine","date":"08\/24\/2020","format":false,"excerpt":"Bo\u00eetier en acier inoxydable avec un bracelet en acier inoxydable bicolore (argent\u00e9 et or rose).\u00a0Lunette fixe dor\u00e9e rose.\u00a0Cadran bleu avec aiguilles et index des heures en or rose.\u00a0Marqueurs minutes autour du bord ext\u00e9rieur.\u00a0Le logo Emporio Armani appara\u00eet \u00e0 la position 12 heures.\u00a0Type de num\u00e9rotation: analogique.\u00a0Affichage de la date entre les\u2026","rel":"","context":"Article similaire","block_context":{"text":"Article similaire","link":""},"img":{"alt_text":"","src":"https:\/\/i0.wp.com\/r-mboutique.com\/wp-content\/uploads\/2020\/08\/AR8002501.jpg?fit=970%2C970&ssl=1&resize=350%2C200","width":350,"height":200,"srcset":"https:\/\/i0.wp.com\/r-mboutique.com\/wp-content\/uploads\/2020\/08\/AR8002501.jpg?fit=970%2C970&ssl=1&resize=350%2C200 1x, https:\/\/i0.wp.com\/r-mboutique.com\/wp-content\/uploads\/2020\/08\/AR8002501.jpg?fit=970%2C970&ssl=1&resize=525%2C300 1.5x, https:\/\/i0.wp.com\/r-mboutique.com\/wp-content\/uploads\/2020\/08\/AR8002501.jpg?fit=970%2C970&ssl=1&resize=700%2C400 2x"},"classes":[]},{"id":7868,"url":"https:\/\/r-mboutique.com\/index.php\/product\/casio-mrw-210h-5av\/","url_meta":{"origin":7566,"position":4},"title":"Casio MRW-210H-5AV","author":"Ramzi Merabtine","date":"09\/27\/2023","format":false,"excerpt":"Cette montre simple et sportive au design audacieux et aux fonctionnalit\u00e9s pratiques que vous recherchez. Gr\u00e2ce \u00e0 sa r\u00e9sistance \u00e0 l'eau jusqu'\u00e0 100 m\u00e8tres, lib\u00e9rez-vous de toutes vos inqui\u00e9tudes lorsque vous \u00eates sous la pluie ou que vous faites la vaisselle. L'affichage du jour et de la date, tr\u00e8s lisible,\u2026","rel":"","context":"Article similaire","block_context":{"text":"Article similaire","link":""},"img":{"alt_text":"","src":"https:\/\/i0.wp.com\/r-mboutique.com\/wp-content\/uploads\/2023\/09\/img_5419.png?fit=1200%2C1200&ssl=1&resize=350%2C200","width":350,"height":200,"srcset":"https:\/\/i0.wp.com\/r-mboutique.com\/wp-content\/uploads\/2023\/09\/img_5419.png?fit=1200%2C1200&ssl=1&resize=350%2C200 1x, https:\/\/i0.wp.com\/r-mboutique.com\/wp-content\/uploads\/2023\/09\/img_5419.png?fit=1200%2C1200&ssl=1&resize=525%2C300 1.5x, https:\/\/i0.wp.com\/r-mboutique.com\/wp-content\/uploads\/2023\/09\/img_5419.png?fit=1200%2C1200&ssl=1&resize=700%2C400 2x, https:\/\/i0.wp.com\/r-mboutique.com\/wp-content\/uploads\/2023\/09\/img_5419.png?fit=1200%2C1200&ssl=1&resize=1050%2C600 3x"},"classes":[]},{"id":7608,"url":"https:\/\/r-mboutique.com\/index.php\/product\/casio-ltp-b115g-9ev\/","url_meta":{"origin":7566,"position":5},"title":"Casio LTP-B115G-9EV","author":"Ramzi Merabtine","date":"08\/13\/2023","format":false,"excerpt":"Montres Casio minimalistes - la ligne analogique \u00e9pique avec un profil encore plus mince pour un confort sophistiqu\u00e9, plus un beau cadran de montre proprement arrondi pour une lecture super facile. Avec une \u00e9tanch\u00e9it\u00e9 jusqu'\u00e0 50 m\u00e8tres, ces montres r\u00e9sistent \u00e0 tout ce que vous faites dans la vie quotidienne.\u2026","rel":"","context":"Article similaire","block_context":{"text":"Article similaire","link":""},"img":{"alt_text":"","src":"https:\/\/i0.wp.com\/r-mboutique.com\/wp-content\/uploads\/2023\/08\/img_5274.jpeg?fit=968%2C968&ssl=1&resize=350%2C200","width":350,"height":200,"srcset":"https:\/\/i0.wp.com\/r-mboutique.com\/wp-content\/uploads\/2023\/08\/img_5274.jpeg?fit=968%2C968&ssl=1&resize=350%2C200 1x, https:\/\/i0.wp.com\/r-mboutique.com\/wp-content\/uploads\/2023\/08\/img_5274.jpeg?fit=968%2C968&ssl=1&resize=525%2C300 1.5x, https:\/\/i0.wp.com\/r-mboutique.com\/wp-content\/uploads\/2023\/08\/img_5274.jpeg?fit=968%2C968&ssl=1&resize=700%2C400 2x"},"classes":[]}],"_links":{"self":[{"href":"https:\/\/r-mboutique.com\/index.php\/wp-json\/wp\/v2\/product\/7566"}],"collection":[{"href":"https:\/\/r-mboutique.com\/index.php\/wp-json\/wp\/v2\/product"}],"about":[{"href":"https:\/\/r-mboutique.com\/index.php\/wp-json\/wp\/v2\/types\/product"}],"replies":[{"embeddable":true,"href":"https:\/\/r-mboutique.com\/index.php\/wp-json\/wp\/v2\/comments?post=7566"}],"wp:featuredmedia":[{"embeddable":true,"href":"https:\/\/r-mboutique.com\/index.php\/wp-json\/wp\/v2\/media\/7565"}],"wp:attachment":[{"href":"https:\/\/r-mboutique.com\/index.php\/wp-json\/wp\/v2\/media?parent=7566"}],"wp:term":[{"taxonomy":"product_cat","embeddable":true,"href":"https:\/\/r-mboutique.com\/index.php\/wp-json\/wp\/v2\/product_cat?post=7566"},{"taxonomy":"product_tag","embeddable":true,"href":"https:\/\/r-mboutique.com\/index.php\/wp-json\/wp\/v2\/product_tag?post=7566"}],"curies":[{"name":"wp","href":"https:\/\/api.w.org\/{rel}","templated":true}]}}