{"id":7608,"date":"2023-08-13T20:28:13","date_gmt":"2023-08-13T19:28:13","guid":{"rendered":"https:\/\/r-mboutique.com\/index.php\/product\/casio-ltp-b115g-9ev\/"},"modified":"2025-09-18T06:23:14","modified_gmt":"2025-09-18T05:23:14","slug":"casio-ltp-b115g-9ev","status":"publish","type":"product","link":"https:\/\/r-mboutique.com\/index.php\/product\/casio-ltp-b115g-9ev\/","title":{"rendered":"Casio LTP-B115G-9EV"},"content":{"rendered":"<p>Montres Casio minimalistes &#8211; la ligne analogique \u00e9pique avec un profil encore plus mince pour un confort sophistiqu\u00e9, plus un beau cadran de montre proprement arrondi pour une lecture super facile. Avec une \u00e9tanch\u00e9it\u00e9 jusqu&#8217;\u00e0 50 m\u00e8tres, ces montres r\u00e9sistent \u00e0 tout ce que vous faites dans la vie quotidienne. Style parfait selon vos go\u00fbts.<\/p>\n<h1>Informations de base :<\/h1>\n<p>Taille du bo\u00eetier (L \u00d7 L \u00d7 H) : 38,7 \u00d7 33,9 \u00d7 7,6 mm<\/p>\n<p>Poids : 69 grammes<\/p>\n<p>Mat\u00e9riau du bo\u00eetier et de la lunette : Acier inoxydable<\/p>\n<p>Bracelet en acier inoxydable<\/p>\n<p>Fermoir triple \u00e0 une touche<\/p>\n<p>R\u00e9sistance \u00e0 l&#8217;eau de 50 m\u00e8tres<\/p>\n<p>Autonomie de la batterie : Environ : 3 ans sur SR626SW<\/p>\n<h1>Ext\u00e9rieur :<\/h1>\n<p>verre min\u00e9ral<\/p>\n<p>Traitement de surface<\/p>\n<p>Bo\u00eetier plaqu\u00e9 or ionique<\/p>\n<p>Bande plaqu\u00e9e or ionique<\/p>\n<h1>Caract\u00e9ristiques de la montre :<\/h1>\n<p>Pr\u00e9cision : \u00b120 secondes par mois<\/p>\n<p>Autres caract\u00e9ristiques<\/p>\n<p>Chronom\u00e9trage r\u00e9gulier : Analogique : 3 aiguilles (heure, minute, seconde)<\/p>\n","protected":false},"excerpt":{"rendered":"<p>Montres Casio minimalistes &#8211; la ligne analogique \u00e9pique avec un profil encore plus mince pour un confort sophistiqu\u00e9, plus un<\/p>\n","protected":false},"featured_media":7605,"comment_status":"open","ping_status":"closed","template":"","meta":{"om_disable_all_campaigns":false},"product_cat":[37,46,26,30],"product_tag":[],"jetpack-related-posts":[{"id":7612,"url":"https:\/\/r-mboutique.com\/index.php\/product\/casio-ltp-b115g-3ev\/","url_meta":{"origin":7608,"position":0},"title":"Casio LTP-B115G-3EV","author":"Ramzi Merabtine","date":"08\/13\/2023","format":false,"excerpt":"Montres Casio minimalistes - la ligne analogique \u00e9pique avec un profil encore plus mince pour un confort sophistiqu\u00e9, plus un beau cadran de montre proprement arrondi pour une lecture super facile. Avec une \u00e9tanch\u00e9it\u00e9 jusqu'\u00e0 50 m\u00e8tres, ces montres r\u00e9sistent \u00e0 tout ce que vous faites dans la vie quotidienne.\u2026","rel":"","context":"Article similaire","block_context":{"text":"Article similaire","link":""},"img":{"alt_text":"","src":"https:\/\/i0.wp.com\/r-mboutique.com\/wp-content\/uploads\/2023\/08\/img_5273.jpeg?fit=969%2C969&ssl=1&resize=350%2C200","width":350,"height":200,"srcset":"https:\/\/i0.wp.com\/r-mboutique.com\/wp-content\/uploads\/2023\/08\/img_5273.jpeg?fit=969%2C969&ssl=1&resize=350%2C200 1x, https:\/\/i0.wp.com\/r-mboutique.com\/wp-content\/uploads\/2023\/08\/img_5273.jpeg?fit=969%2C969&ssl=1&resize=525%2C300 1.5x, https:\/\/i0.wp.com\/r-mboutique.com\/wp-content\/uploads\/2023\/08\/img_5273.jpeg?fit=969%2C969&ssl=1&resize=700%2C400 2x"},"classes":[]},{"id":7574,"url":"https:\/\/r-mboutique.com\/index.php\/product\/casio-mtp-e715c-8av\/","url_meta":{"origin":7608,"position":1},"title":"Casio MTP-E715C-8AV","author":"Ramzi Merabtine","date":"08\/06\/2023","format":false,"excerpt":"La batterie de 10 ans, la r\u00e9sistance \u00e0 l\u2019eau jusqu\u2019\u00e0 50 m\u00e8tres et l\u2019affichage pratique de la date vous permettent de vous concentrer sur ce que vous aimez faire. Informations de base Taille du bo\u00eetier (L \u00d7 L \u00d7 H) : 48 \u00d7 43,4 \u00d7 8,8 mm Lester : 67\u2026","rel":"","context":"Article similaire","block_context":{"text":"Article similaire","link":""},"img":{"alt_text":"","src":"https:\/\/i0.wp.com\/r-mboutique.com\/wp-content\/uploads\/2023\/08\/img_5169.jpeg?fit=1092%2C1092&ssl=1&resize=350%2C200","width":350,"height":200,"srcset":"https:\/\/i0.wp.com\/r-mboutique.com\/wp-content\/uploads\/2023\/08\/img_5169.jpeg?fit=1092%2C1092&ssl=1&resize=350%2C200 1x, https:\/\/i0.wp.com\/r-mboutique.com\/wp-content\/uploads\/2023\/08\/img_5169.jpeg?fit=1092%2C1092&ssl=1&resize=525%2C300 1.5x, https:\/\/i0.wp.com\/r-mboutique.com\/wp-content\/uploads\/2023\/08\/img_5169.jpeg?fit=1092%2C1092&ssl=1&resize=700%2C400 2x, https:\/\/i0.wp.com\/r-mboutique.com\/wp-content\/uploads\/2023\/08\/img_5169.jpeg?fit=1092%2C1092&ssl=1&resize=1050%2C600 3x"},"classes":[]},{"id":7578,"url":"https:\/\/r-mboutique.com\/index.php\/product\/casio-mtp-e715c-3av\/","url_meta":{"origin":7608,"position":2},"title":"Casio MTP-E715C-3AV","author":"Ramzi Merabtine","date":"08\/06\/2023","format":false,"excerpt":"La batterie de 10 ans, la r\u00e9sistance \u00e0 l\u2019eau jusqu\u2019\u00e0 50 m\u00e8tres et l\u2019affichage pratique de la date vous permettent de vous concentrer sur ce que vous aimez faire. Informations de base Taille du bo\u00eetier (L \u00d7 L \u00d7 H) : 48 \u00d7 43,4 \u00d7 8,8 mm Lester : 67\u2026","rel":"","context":"Article similaire","block_context":{"text":"Article similaire","link":""},"img":{"alt_text":"","src":"https:\/\/i0.wp.com\/r-mboutique.com\/wp-content\/uploads\/2024\/01\/img_0008.jpeg?fit=1200%2C1200&ssl=1&resize=350%2C200","width":350,"height":200,"srcset":"https:\/\/i0.wp.com\/r-mboutique.com\/wp-content\/uploads\/2024\/01\/img_0008.jpeg?fit=1200%2C1200&ssl=1&resize=350%2C200 1x, https:\/\/i0.wp.com\/r-mboutique.com\/wp-content\/uploads\/2024\/01\/img_0008.jpeg?fit=1200%2C1200&ssl=1&resize=525%2C300 1.5x, https:\/\/i0.wp.com\/r-mboutique.com\/wp-content\/uploads\/2024\/01\/img_0008.jpeg?fit=1200%2C1200&ssl=1&resize=700%2C400 2x, https:\/\/i0.wp.com\/r-mboutique.com\/wp-content\/uploads\/2024\/01\/img_0008.jpeg?fit=1200%2C1200&ssl=1&resize=1050%2C600 3x"},"classes":[]},{"id":7566,"url":"https:\/\/r-mboutique.com\/index.php\/product\/casio-mtp-e715l-5av\/","url_meta":{"origin":7608,"position":3},"title":"Casio MTP-E715L-5AV","author":"Ramzi Merabtine","date":"08\/06\/2023","format":false,"excerpt":"La batterie de 10 ans, la r\u00e9sistance \u00e0 l'eau jusqu'\u00e0 50 m\u00e8tres et l'affichage pratique de la date vous permettent de vous concentrer sur ce que vous aimez faire. Informations de base Taille du bo\u00eetier (L \u00d7 L \u00d7 H) : 48 \u00d7 43,4 \u00d7 8,8 mm Lester : 67\u2026","rel":"","context":"Article similaire","block_context":{"text":"Article similaire","link":""},"img":{"alt_text":"","src":"https:\/\/i0.wp.com\/r-mboutique.com\/wp-content\/uploads\/2023\/08\/img_5153-1.jpeg?fit=1096%2C1096&ssl=1&resize=350%2C200","width":350,"height":200,"srcset":"https:\/\/i0.wp.com\/r-mboutique.com\/wp-content\/uploads\/2023\/08\/img_5153-1.jpeg?fit=1096%2C1096&ssl=1&resize=350%2C200 1x, https:\/\/i0.wp.com\/r-mboutique.com\/wp-content\/uploads\/2023\/08\/img_5153-1.jpeg?fit=1096%2C1096&ssl=1&resize=525%2C300 1.5x, https:\/\/i0.wp.com\/r-mboutique.com\/wp-content\/uploads\/2023\/08\/img_5153-1.jpeg?fit=1096%2C1096&ssl=1&resize=700%2C400 2x, https:\/\/i0.wp.com\/r-mboutique.com\/wp-content\/uploads\/2023\/08\/img_5153-1.jpeg?fit=1096%2C1096&ssl=1&resize=1050%2C600 3x"},"classes":[]},{"id":7570,"url":"https:\/\/r-mboutique.com\/index.php\/product\/casio-mtp-e715l-1av\/","url_meta":{"origin":7608,"position":4},"title":"Casio MTP-E715L-1AV","author":"Ramzi Merabtine","date":"08\/06\/2023","format":false,"excerpt":"La batterie de 10 ans, la r\u00e9sistance \u00e0 l\u2019eau jusqu\u2019\u00e0 50 m\u00e8tres et l\u2019affichage pratique de la date vous permettent de vous concentrer sur ce que vous aimez faire. Informations de base Taille du bo\u00eetier (L \u00d7 L \u00d7 H) : 48 \u00d7 43,4 \u00d7 8,8 mm Lester : 67\u2026","rel":"","context":"Article similaire","block_context":{"text":"Article similaire","link":""},"img":{"alt_text":"","src":"https:\/\/i0.wp.com\/r-mboutique.com\/wp-content\/uploads\/2023\/08\/img_5162.jpeg?fit=1097%2C1097&ssl=1&resize=350%2C200","width":350,"height":200,"srcset":"https:\/\/i0.wp.com\/r-mboutique.com\/wp-content\/uploads\/2023\/08\/img_5162.jpeg?fit=1097%2C1097&ssl=1&resize=350%2C200 1x, https:\/\/i0.wp.com\/r-mboutique.com\/wp-content\/uploads\/2023\/08\/img_5162.jpeg?fit=1097%2C1097&ssl=1&resize=525%2C300 1.5x, https:\/\/i0.wp.com\/r-mboutique.com\/wp-content\/uploads\/2023\/08\/img_5162.jpeg?fit=1097%2C1097&ssl=1&resize=700%2C400 2x, https:\/\/i0.wp.com\/r-mboutique.com\/wp-content\/uploads\/2023\/08\/img_5162.jpeg?fit=1097%2C1097&ssl=1&resize=1050%2C600 3x"},"classes":[]},{"id":2652,"url":"https:\/\/r-mboutique.com\/index.php\/product\/casio-mtp-1314l-7av\/","url_meta":{"origin":7608,"position":5},"title":"Casio MTP-1314L-7AV","author":"Ramzi Merabtine","date":"12\/01\/2021","format":false,"excerpt":"Sp\u00e9cifications Bo\u00eetier \/ lunette : Plaqu\u00e9 ionique Bracelet en cuir v\u00e9ritable Verre min\u00e9ral R\u00e9sistance \u00e0 l'eau de 50 m\u00e8tres Affichage de la date Comptabilisation r\u00e9guli\u00e8re du temps Analogique : 3 aiguilles (heure, minute, seconde) Pr\u00e9cision : \u00b120 secondes par mois Autonomie approximative de la batterie : 3 ans sur SR626SW","rel":"","context":"Article similaire","block_context":{"text":"Article similaire","link":""},"img":{"alt_text":"","src":"https:\/\/i0.wp.com\/r-mboutique.com\/wp-content\/uploads\/2021\/12\/61d54169-0d96-4976-b862-3d6b4cde51c5.jpeg?fit=1137%2C1137&ssl=1&resize=350%2C200","width":350,"height":200,"srcset":"https:\/\/i0.wp.com\/r-mboutique.com\/wp-content\/uploads\/2021\/12\/61d54169-0d96-4976-b862-3d6b4cde51c5.jpeg?fit=1137%2C1137&ssl=1&resize=350%2C200 1x, https:\/\/i0.wp.com\/r-mboutique.com\/wp-content\/uploads\/2021\/12\/61d54169-0d96-4976-b862-3d6b4cde51c5.jpeg?fit=1137%2C1137&ssl=1&resize=525%2C300 1.5x, https:\/\/i0.wp.com\/r-mboutique.com\/wp-content\/uploads\/2021\/12\/61d54169-0d96-4976-b862-3d6b4cde51c5.jpeg?fit=1137%2C1137&ssl=1&resize=700%2C400 2x, https:\/\/i0.wp.com\/r-mboutique.com\/wp-content\/uploads\/2021\/12\/61d54169-0d96-4976-b862-3d6b4cde51c5.jpeg?fit=1137%2C1137&ssl=1&resize=1050%2C600 3x"},"classes":[]}],"_links":{"self":[{"href":"https:\/\/r-mboutique.com\/index.php\/wp-json\/wp\/v2\/product\/7608"}],"collection":[{"href":"https:\/\/r-mboutique.com\/index.php\/wp-json\/wp\/v2\/product"}],"about":[{"href":"https:\/\/r-mboutique.com\/index.php\/wp-json\/wp\/v2\/types\/product"}],"replies":[{"embeddable":true,"href":"https:\/\/r-mboutique.com\/index.php\/wp-json\/wp\/v2\/comments?post=7608"}],"wp:featuredmedia":[{"embeddable":true,"href":"https:\/\/r-mboutique.com\/index.php\/wp-json\/wp\/v2\/media\/7605"}],"wp:attachment":[{"href":"https:\/\/r-mboutique.com\/index.php\/wp-json\/wp\/v2\/media?parent=7608"}],"wp:term":[{"taxonomy":"product_cat","embeddable":true,"href":"https:\/\/r-mboutique.com\/index.php\/wp-json\/wp\/v2\/product_cat?post=7608"},{"taxonomy":"product_tag","embeddable":true,"href":"https:\/\/r-mboutique.com\/index.php\/wp-json\/wp\/v2\/product_tag?post=7608"}],"curies":[{"name":"wp","href":"https:\/\/api.w.org\/{rel}","templated":true}]}}