{"id":8505,"date":"2024-03-07T20:49:58","date_gmt":"2024-03-07T19:49:58","guid":{"rendered":"https:\/\/r-mboutique.com\/index.php\/product\/casio-mtp-b145d-9av\/"},"modified":"2025-09-18T06:16:12","modified_gmt":"2025-09-18T05:16:12","slug":"casio-mtp-b145d-9av","status":"publish","type":"product","link":"https:\/\/r-mboutique.com\/index.php\/product\/casio-mtp-b145d-9av\/","title":{"rendered":"Casio MTP-B145D-9AV"},"content":{"rendered":"<p><span style=\"font-family: din-2014,\">Plongez dans les ann\u00e9es&nbsp;80 avec un look et des couleurs r\u00e9tro.<br \/>\nLe design minimaliste du cadran lui conf\u00e8re un style r\u00e9solument tendance et facilite la lecture de l&#8217;heure.<\/span><\/p>\n<h4>Informations de base<\/h4>\n<p>Taille du bo\u00eetier (L\u00d7 l\u00d7 H) : 40 \u00d7 35 \u00d7 7.4 mm<\/p>\n<p>Poids : 82 g<\/p>\n<p>Mat\u00e9riau du bo\u00eetier et du cadre : Acier inoxydable<\/p>\n<p>Bracelet en acier inoxydable<\/p>\n<p>Fermoir \u00e0 triple boucle d\u00e9ployante \u00e0 simple pression<\/p>\n<p>\u00c9tanch\u00e9it\u00e9 : \u00c9tanche jusqu&#8217;\u00e0 5 bar<\/p>\n<h5>Alimentation et autonomie de la batterie<\/h5>\n<p>Autonomie approximative de la batterie&nbsp;: 3&nbsp;ans sur SR621SW<\/p>\n<h5>Ext\u00e9rieur<\/h5>\n<p>Verre : Verre min\u00e9ral<\/p>\n<p>Taille de bracelet compatible : 150 \u00e0 205 mm<\/p>\n<h5>Fonctions de la montre<\/h5>\n<p>Pr\u00e9cision<\/p>\n<p>Pr\u00e9cision&nbsp;: \u00b120&nbsp;secondes par mois<\/p>\n<h6>Autres fonctions<\/h6>\n<p>Indication de l&#8217;heure standard&nbsp;:<\/p>\n<p>Analogique&nbsp;: 3&nbsp;aiguilles (heure, minute, seconde)<\/p>\n<p>Affichage de la date<\/p>\n","protected":false},"excerpt":{"rendered":"<p>Plongez dans les ann\u00e9es&nbsp;80 avec un look et des couleurs r\u00e9tro. Le design minimaliste du cadran lui conf\u00e8re un style<\/p>\n","protected":false},"featured_media":8504,"comment_status":"open","ping_status":"closed","template":"","meta":{"om_disable_all_campaigns":false},"product_cat":[37,46,26,30,28],"product_tag":[],"jetpack-related-posts":[{"id":8509,"url":"https:\/\/r-mboutique.com\/index.php\/product\/casio-mtp-b145d-4a2v\/","url_meta":{"origin":8505,"position":0},"title":"Casio MTP-B145D-4A2V","author":"Ramzi Merabtine","date":"03\/07\/2024","format":false,"excerpt":"Plongez dans les ann\u00e9es\u00a080 avec un look et des couleurs r\u00e9tro. Le design minimaliste du cadran lui conf\u00e8re un style r\u00e9solument tendance et facilite la lecture de l\u2019heure. Informations de base Taille du bo\u00eetier (L\u00d7 l\u00d7 H) : 40 \u00d7 35 \u00d7 7.4 mm Poids : 82 g Mat\u00e9riau du\u2026","rel":"","context":"Article similaire","block_context":{"text":"Article similaire","link":""},"img":{"alt_text":"","src":"https:\/\/i0.wp.com\/r-mboutique.com\/wp-content\/uploads\/2024\/03\/img_0445-scaled.jpeg?fit=1200%2C1200&ssl=1&resize=350%2C200","width":350,"height":200,"srcset":"https:\/\/i0.wp.com\/r-mboutique.com\/wp-content\/uploads\/2024\/03\/img_0445-scaled.jpeg?fit=1200%2C1200&ssl=1&resize=350%2C200 1x, https:\/\/i0.wp.com\/r-mboutique.com\/wp-content\/uploads\/2024\/03\/img_0445-scaled.jpeg?fit=1200%2C1200&ssl=1&resize=525%2C300 1.5x, https:\/\/i0.wp.com\/r-mboutique.com\/wp-content\/uploads\/2024\/03\/img_0445-scaled.jpeg?fit=1200%2C1200&ssl=1&resize=700%2C400 2x, https:\/\/i0.wp.com\/r-mboutique.com\/wp-content\/uploads\/2024\/03\/img_0445-scaled.jpeg?fit=1200%2C1200&ssl=1&resize=1050%2C600 3x"},"classes":[]},{"id":8517,"url":"https:\/\/r-mboutique.com\/index.php\/product\/casio-mtp-b145g-9av\/","url_meta":{"origin":8505,"position":1},"title":"Casio MTP-B145G-9AV","author":"Ramzi Merabtine","date":"03\/07\/2024","format":false,"excerpt":"Plongez dans les ann\u00e9es\u00a080 avec un look et des couleurs r\u00e9tro. Le design minimaliste du cadran lui conf\u00e8re un style r\u00e9solument tendance et facilite la lecture de l\u2019heure. Informations de base Taille du bo\u00eetier (L\u00d7 l\u00d7 H) : 40 \u00d7 35 \u00d7 7.4 mm Poids : 82 g Mat\u00e9riau du\u2026","rel":"","context":"Article similaire","block_context":{"text":"Article similaire","link":""},"img":{"alt_text":"","src":"https:\/\/i0.wp.com\/r-mboutique.com\/wp-content\/uploads\/2024\/03\/img_0454.jpeg?fit=1200%2C1200&ssl=1&resize=350%2C200","width":350,"height":200,"srcset":"https:\/\/i0.wp.com\/r-mboutique.com\/wp-content\/uploads\/2024\/03\/img_0454.jpeg?fit=1200%2C1200&ssl=1&resize=350%2C200 1x, https:\/\/i0.wp.com\/r-mboutique.com\/wp-content\/uploads\/2024\/03\/img_0454.jpeg?fit=1200%2C1200&ssl=1&resize=525%2C300 1.5x, https:\/\/i0.wp.com\/r-mboutique.com\/wp-content\/uploads\/2024\/03\/img_0454.jpeg?fit=1200%2C1200&ssl=1&resize=700%2C400 2x, https:\/\/i0.wp.com\/r-mboutique.com\/wp-content\/uploads\/2024\/03\/img_0454.jpeg?fit=1200%2C1200&ssl=1&resize=1050%2C600 3x"},"classes":[]},{"id":8513,"url":"https:\/\/r-mboutique.com\/index.php\/product\/casio-mtp-b145d-4av\/","url_meta":{"origin":8505,"position":2},"title":"Casio MTP-B145D-4AV","author":"Ramzi Merabtine","date":"03\/07\/2024","format":false,"excerpt":"Plongez dans les ann\u00e9es\u00a080 avec un look et des couleurs r\u00e9tro. Le design minimaliste du cadran lui conf\u00e8re un style r\u00e9solument tendance et facilite la lecture de l\u2019heure. Informations de base Taille du bo\u00eetier (L\u00d7 l\u00d7 H) : 40 \u00d7 35 \u00d7 7.4 mm Poids : 82 g Mat\u00e9riau du\u2026","rel":"","context":"Article similaire","block_context":{"text":"Article similaire","link":""},"img":{"alt_text":"","src":"https:\/\/i0.wp.com\/r-mboutique.com\/wp-content\/uploads\/2024\/03\/img_0450-scaled.jpeg?fit=1200%2C1200&ssl=1&resize=350%2C200","width":350,"height":200,"srcset":"https:\/\/i0.wp.com\/r-mboutique.com\/wp-content\/uploads\/2024\/03\/img_0450-scaled.jpeg?fit=1200%2C1200&ssl=1&resize=350%2C200 1x, https:\/\/i0.wp.com\/r-mboutique.com\/wp-content\/uploads\/2024\/03\/img_0450-scaled.jpeg?fit=1200%2C1200&ssl=1&resize=525%2C300 1.5x, https:\/\/i0.wp.com\/r-mboutique.com\/wp-content\/uploads\/2024\/03\/img_0450-scaled.jpeg?fit=1200%2C1200&ssl=1&resize=700%2C400 2x, https:\/\/i0.wp.com\/r-mboutique.com\/wp-content\/uploads\/2024\/03\/img_0450-scaled.jpeg?fit=1200%2C1200&ssl=1&resize=1050%2C600 3x"},"classes":[]},{"id":1780,"url":"https:\/\/r-mboutique.com\/index.php\/product\/emporio-armani-ar80025\/","url_meta":{"origin":8505,"position":3},"title":"Emporio Armani Renato AR80025","author":"Ramzi Merabtine","date":"08\/24\/2020","format":false,"excerpt":"Bo\u00eetier en acier inoxydable avec un bracelet en acier inoxydable bicolore (argent\u00e9 et or rose).\u00a0Lunette fixe dor\u00e9e rose.\u00a0Cadran bleu avec aiguilles et index des heures en or rose.\u00a0Marqueurs minutes autour du bord ext\u00e9rieur.\u00a0Le logo Emporio Armani appara\u00eet \u00e0 la position 12 heures.\u00a0Type de num\u00e9rotation: analogique.\u00a0Affichage de la date entre les\u2026","rel":"","context":"Article similaire","block_context":{"text":"Article similaire","link":""},"img":{"alt_text":"","src":"https:\/\/i0.wp.com\/r-mboutique.com\/wp-content\/uploads\/2020\/08\/AR8002501.jpg?fit=970%2C970&ssl=1&resize=350%2C200","width":350,"height":200,"srcset":"https:\/\/i0.wp.com\/r-mboutique.com\/wp-content\/uploads\/2020\/08\/AR8002501.jpg?fit=970%2C970&ssl=1&resize=350%2C200 1x, https:\/\/i0.wp.com\/r-mboutique.com\/wp-content\/uploads\/2020\/08\/AR8002501.jpg?fit=970%2C970&ssl=1&resize=525%2C300 1.5x, https:\/\/i0.wp.com\/r-mboutique.com\/wp-content\/uploads\/2020\/08\/AR8002501.jpg?fit=970%2C970&ssl=1&resize=700%2C400 2x"},"classes":[]},{"id":7589,"url":"https:\/\/r-mboutique.com\/index.php\/product\/casio-vintage-mini-la670wega-1\/","url_meta":{"origin":8505,"position":4},"title":"Casio Vintage Mini LA670WEGA-1","author":"Ramzi Merabtine","date":"08\/09\/2023","format":false,"excerpt":"Informations de base : Taille du bo\u00eetier (L\u00d7 l\u00d7 H) 30.3 \u00d7 24.6 \u00d7 7.3 mm Poids 33 g Mat\u00e9riau du bo\u00eetier et du cadre R\u00e9sine\/Dor\u00e9 Bracelet Bracelet en acier inoxydable Fermoir r\u00e9glable \u00c9tanch\u00e9it\u00e9 Etanch\u00e9it\u00e9 Alimentation et autonomie de la batterie Autonomie approximative de la batterie\u00a0: 2\u00a0ans sur CR1216 Verre\u2026","rel":"","context":"Article similaire","block_context":{"text":"Article similaire","link":""},"img":{"alt_text":"","src":"https:\/\/i0.wp.com\/r-mboutique.com\/wp-content\/uploads\/2023\/08\/img_5223-1.jpeg?fit=961%2C961&ssl=1&resize=350%2C200","width":350,"height":200,"srcset":"https:\/\/i0.wp.com\/r-mboutique.com\/wp-content\/uploads\/2023\/08\/img_5223-1.jpeg?fit=961%2C961&ssl=1&resize=350%2C200 1x, https:\/\/i0.wp.com\/r-mboutique.com\/wp-content\/uploads\/2023\/08\/img_5223-1.jpeg?fit=961%2C961&ssl=1&resize=525%2C300 1.5x, https:\/\/i0.wp.com\/r-mboutique.com\/wp-content\/uploads\/2023\/08\/img_5223-1.jpeg?fit=961%2C961&ssl=1&resize=700%2C400 2x"},"classes":[]},{"id":7608,"url":"https:\/\/r-mboutique.com\/index.php\/product\/casio-ltp-b115g-9ev\/","url_meta":{"origin":8505,"position":5},"title":"Casio LTP-B115G-9EV","author":"Ramzi Merabtine","date":"08\/13\/2023","format":false,"excerpt":"Montres Casio minimalistes - la ligne analogique \u00e9pique avec un profil encore plus mince pour un confort sophistiqu\u00e9, plus un beau cadran de montre proprement arrondi pour une lecture super facile. Avec une \u00e9tanch\u00e9it\u00e9 jusqu'\u00e0 50 m\u00e8tres, ces montres r\u00e9sistent \u00e0 tout ce que vous faites dans la vie quotidienne.\u2026","rel":"","context":"Article similaire","block_context":{"text":"Article similaire","link":""},"img":{"alt_text":"","src":"https:\/\/i0.wp.com\/r-mboutique.com\/wp-content\/uploads\/2023\/08\/img_5274.jpeg?fit=968%2C968&ssl=1&resize=350%2C200","width":350,"height":200,"srcset":"https:\/\/i0.wp.com\/r-mboutique.com\/wp-content\/uploads\/2023\/08\/img_5274.jpeg?fit=968%2C968&ssl=1&resize=350%2C200 1x, https:\/\/i0.wp.com\/r-mboutique.com\/wp-content\/uploads\/2023\/08\/img_5274.jpeg?fit=968%2C968&ssl=1&resize=525%2C300 1.5x, https:\/\/i0.wp.com\/r-mboutique.com\/wp-content\/uploads\/2023\/08\/img_5274.jpeg?fit=968%2C968&ssl=1&resize=700%2C400 2x"},"classes":[]}],"_links":{"self":[{"href":"https:\/\/r-mboutique.com\/index.php\/wp-json\/wp\/v2\/product\/8505"}],"collection":[{"href":"https:\/\/r-mboutique.com\/index.php\/wp-json\/wp\/v2\/product"}],"about":[{"href":"https:\/\/r-mboutique.com\/index.php\/wp-json\/wp\/v2\/types\/product"}],"replies":[{"embeddable":true,"href":"https:\/\/r-mboutique.com\/index.php\/wp-json\/wp\/v2\/comments?post=8505"}],"wp:featuredmedia":[{"embeddable":true,"href":"https:\/\/r-mboutique.com\/index.php\/wp-json\/wp\/v2\/media\/8504"}],"wp:attachment":[{"href":"https:\/\/r-mboutique.com\/index.php\/wp-json\/wp\/v2\/media?parent=8505"}],"wp:term":[{"taxonomy":"product_cat","embeddable":true,"href":"https:\/\/r-mboutique.com\/index.php\/wp-json\/wp\/v2\/product_cat?post=8505"},{"taxonomy":"product_tag","embeddable":true,"href":"https:\/\/r-mboutique.com\/index.php\/wp-json\/wp\/v2\/product_tag?post=8505"}],"curies":[{"name":"wp","href":"https:\/\/api.w.org\/{rel}","templated":true}]}}